{"id":574,"date":"2023-08-02T14:36:22","date_gmt":"2023-08-02T12:36:22","guid":{"rendered":"https:\/\/webszh.uk-halle.de\/optimagent\/?page_id=574"},"modified":"2023-08-03T11:51:19","modified_gmt":"2023-08-03T09:51:19","slug":"aktuelles-eng","status":"publish","type":"page","link":"https:\/\/webszh.uk-halle.de\/optimagent\/?page_id=574&lang=en","title":{"rendered":"Aktuelles eng"},"content":{"rendered":"\t\t<div data-elementor-type=\"wp-page\" data-elementor-id=\"574\" class=\"elementor elementor-574\" data-elementor-post-type=\"page\">\n\t\t\t\t\t\t<section class=\"elementor-section elementor-top-section elementor-element elementor-element-e6f0b29 elementor-section-height-min-height elementor-section-content-middle elementor-section-boxed elementor-section-height-default elementor-section-items-middle\" data-id=\"e6f0b29\" data-element_type=\"section\" data-settings=\"{&quot;background_background&quot;:&quot;classic&quot;}\">\n\t\t\t\t\t\t\t<div class=\"elementor-background-overlay\"><\/div>\n\t\t\t\t\t\t\t<div class=\"elementor-container elementor-column-gap-default\">\n\t\t\t\t\t<div class=\"elementor-column elementor-col-100 elementor-top-column elementor-element elementor-element-de58149\" data-id=\"de58149\" data-element_type=\"column\">\n\t\t\t<div class=\"elementor-widget-wrap\">\n\t\t\t\t\t\t\t<\/div>\n\t\t<\/div>\n\t\t\t\t\t<\/div>\n\t\t<\/section>\n\t\t\t\t<section class=\"elementor-section elementor-top-section elementor-element elementor-element-3555e78 elementor-section-boxed elementor-section-height-default elementor-section-height-default\" data-id=\"3555e78\" data-element_type=\"section\">\n\t\t\t\t\t\t<div class=\"elementor-container elementor-column-gap-default\">\n\t\t\t\t\t<div class=\"elementor-column elementor-col-100 elementor-top-column elementor-element elementor-element-806ddd0\" data-id=\"806ddd0\" data-element_type=\"column\">\n\t\t\t<div class=\"elementor-widget-wrap elementor-element-populated\">\n\t\t\t\t\t\t<div class=\"elementor-element elementor-element-f9193d8 elementor-widget elementor-widget-heading\" data-id=\"f9193d8\" data-element_type=\"widget\" data-widget_type=\"heading.default\">\n\t\t\t\t<div class=\"elementor-widget-container\">\n\t\t\t\t\t<h2 class=\"elementor-heading-title elementor-size-default\">News<\/h2>\t\t\t\t<\/div>\n\t\t\t\t<\/div>\n\t\t\t\t<div class=\"elementor-element elementor-element-d3b90fa elementor-widget elementor-widget-text-editor\" data-id=\"d3b90fa\" data-element_type=\"widget\" data-widget_type=\"text-editor.default\">\n\t\t\t\t<div class=\"elementor-widget-container\">\n\t\t\t\t\t\t\t\t\t<p>Here you can find the latest updates and news from our modeling network.<\/p>\t\t\t\t\t\t\t\t<\/div>\n\t\t\t\t<\/div>\n\t\t\t\t<div class=\"elementor-element elementor-element-cc09e2f elementor-grid-2 elementor-grid-tablet-2 elementor-grid-mobile-1 elementor-posts--thumbnail-top elementor-widget elementor-widget-posts\" data-id=\"cc09e2f\" data-element_type=\"widget\" data-settings=\"{&quot;pagination_type&quot;:&quot;numbers&quot;,&quot;classic_columns&quot;:&quot;2&quot;,&quot;classic_row_gap&quot;:{&quot;unit&quot;:&quot;px&quot;,&quot;size&quot;:75,&quot;sizes&quot;:[]},&quot;classic_row_gap_tablet&quot;:{&quot;unit&quot;:&quot;px&quot;,&quot;size&quot;:33,&quot;sizes&quot;:[]},&quot;classic_columns_tablet&quot;:&quot;2&quot;,&quot;classic_columns_mobile&quot;:&quot;1&quot;,&quot;classic_row_gap_mobile&quot;:{&quot;unit&quot;:&quot;px&quot;,&quot;size&quot;:&quot;&quot;,&quot;sizes&quot;:[]}}\" data-widget_type=\"posts.classic\">\n\t\t\t\t<div class=\"elementor-widget-container\">\n\t\t\t\t\t\t\t<div class=\"elementor-posts-container elementor-posts elementor-posts--skin-classic elementor-grid\" role=\"list\">\n\t\t\t\t<article class=\"elementor-post elementor-grid-item post-864 post type-post status-publish format-standard has-post-thumbnail hentry category-aktuelles\" role=\"listitem\">\n\t\t\t\t<a class=\"elementor-post__thumbnail__link\" href=\"https:\/\/webszh.uk-halle.de\/optimagent\/?p=864\" tabindex=\"-1\" >\n\t\t\t<div class=\"elementor-post__thumbnail\"><img fetchpriority=\"high\" decoding=\"async\" width=\"2560\" height=\"1703\" src=\"https:\/\/webszh.uk-halle.de\/optimagent\/wp-content\/uploads\/2024\/03\/Monid_print-8-scaled.jpg\" class=\"attachment-full size-full wp-image-868\" alt=\"\" srcset=\"https:\/\/webszh.uk-halle.de\/optimagent\/wp-content\/uploads\/2024\/03\/Monid_print-8-scaled.jpg 2560w, https:\/\/webszh.uk-halle.de\/optimagent\/wp-content\/uploads\/2024\/03\/Monid_print-8-300x200.jpg 300w, https:\/\/webszh.uk-halle.de\/optimagent\/wp-content\/uploads\/2024\/03\/Monid_print-8-1024x681.jpg 1024w, https:\/\/webszh.uk-halle.de\/optimagent\/wp-content\/uploads\/2024\/03\/Monid_print-8-768x511.jpg 768w, https:\/\/webszh.uk-halle.de\/optimagent\/wp-content\/uploads\/2024\/03\/Monid_print-8-1536x1022.jpg 1536w, https:\/\/webszh.uk-halle.de\/optimagent\/wp-content\/uploads\/2024\/03\/Monid_print-8-2048x1362.jpg 2048w\" sizes=\"(max-width: 2560px) 100vw, 2560px\" \/><\/div>\n\t\t<\/a>\n\t\t\t\t<div class=\"elementor-post__text\">\n\t\t\t\t<h3 class=\"elementor-post__title\">\n\t\t\t<a href=\"https:\/\/webszh.uk-halle.de\/optimagent\/?p=864\" >\n\t\t\t\tOptimAgent als Verbund des Modellierungsnetzwerkes f\u00fcr schwere Infektionskrankheiten (MONID) zu Gast in der Leopoldina\t\t\t<\/a>\n\t\t<\/h3>\n\t\t\t\t<div class=\"elementor-post__meta-data\">\n\t\t\t\t\t<span class=\"elementor-post-date\">\n\t\t\t19. M\u00e4rz 2024\t\t<\/span>\n\t\t\t\t<\/div>\n\t\t\t\t<div class=\"elementor-post__excerpt\">\n\t\t\t<p>Die Nationale Akademie der Wissenschaften, Leopoldina, war Austragungsort der \u201e2nd National Conference on Infectious Disease Modeling\u201c, bei der sich \u00fcber 150 nationale und internationale Expert:innen, davon ca. 40 OptimAgent-Beteiligte, in Halle (Saale) trafen, um die Modellierungskompetenz im Kampf gegen Infektionskrankheiten in Deutschland und dar\u00fcber hinaus weiter zu st\u00e4rken und auszubauen. Das vom BMBF gef\u00f6rderte Modellierungsnetz f\u00fcr schwere Infektionskrankheiten (MONID), inklusive OptimAgent, blickt zufrieden auf drei Tage voll spannender Paneldiskussionen, intensiver Gespr\u00e4che und Vortr\u00e4ge talentierter (Nachwuchs-)<\/p>\n\t\t<\/div>\n\t\t\n\t\t<a class=\"elementor-post__read-more\" href=\"https:\/\/webszh.uk-halle.de\/optimagent\/?p=864\" aria-label=\"Mehr \u00fcber OptimAgent als Verbund des Modellierungsnetzwerkes f\u00fcr schwere Infektionskrankheiten (MONID) zu Gast in der Leopoldina\" tabindex=\"-1\" >\n\t\t\tRead more \u00bb\t\t<\/a>\n\n\t\t\t\t<\/div>\n\t\t\t\t<\/article>\n\t\t\t\t<article class=\"elementor-post elementor-grid-item post-599 post type-post status-publish format-standard has-post-thumbnail hentry category-aktuelles\" role=\"listitem\">\n\t\t\t\t<a class=\"elementor-post__thumbnail__link\" href=\"https:\/\/webszh.uk-halle.de\/optimagent\/?p=599\" tabindex=\"-1\" >\n\t\t\t<div class=\"elementor-post__thumbnail\"><img decoding=\"async\" width=\"2560\" height=\"1478\" src=\"https:\/\/webszh.uk-halle.de\/optimagent\/wp-content\/uploads\/2023\/06\/2023-03-17_MONID-Gruppenfoto-Tagung-2-scaled.jpg\" class=\"attachment-full size-full wp-image-399\" alt=\"\" srcset=\"https:\/\/webszh.uk-halle.de\/optimagent\/wp-content\/uploads\/2023\/06\/2023-03-17_MONID-Gruppenfoto-Tagung-2-scaled.jpg 2560w, https:\/\/webszh.uk-halle.de\/optimagent\/wp-content\/uploads\/2023\/06\/2023-03-17_MONID-Gruppenfoto-Tagung-2-300x173.jpg 300w, https:\/\/webszh.uk-halle.de\/optimagent\/wp-content\/uploads\/2023\/06\/2023-03-17_MONID-Gruppenfoto-Tagung-2-1024x591.jpg 1024w, https:\/\/webszh.uk-halle.de\/optimagent\/wp-content\/uploads\/2023\/06\/2023-03-17_MONID-Gruppenfoto-Tagung-2-768x443.jpg 768w, https:\/\/webszh.uk-halle.de\/optimagent\/wp-content\/uploads\/2023\/06\/2023-03-17_MONID-Gruppenfoto-Tagung-2-1536x887.jpg 1536w, https:\/\/webszh.uk-halle.de\/optimagent\/wp-content\/uploads\/2023\/06\/2023-03-17_MONID-Gruppenfoto-Tagung-2-2048x1182.jpg 2048w\" sizes=\"(max-width: 2560px) 100vw, 2560px\" \/><\/div>\n\t\t<\/a>\n\t\t\t\t<div class=\"elementor-post__text\">\n\t\t\t\t<h3 class=\"elementor-post__title\">\n\t\t\t<a href=\"https:\/\/webszh.uk-halle.de\/optimagent\/?p=599\" >\n\t\t\t\tOptimAgent ist Teil der \u201e1st National Conference on Infectious Disease Modeling\u201c in Berlin\t\t\t<\/a>\n\t\t<\/h3>\n\t\t\t\t<div class=\"elementor-post__meta-data\">\n\t\t\t\t\t<span class=\"elementor-post-date\">\n\t\t\t17. M\u00e4rz 2023\t\t<\/span>\n\t\t\t\t<\/div>\n\t\t\t\t<div class=\"elementor-post__excerpt\">\n\t\t\t<p>Bei der \u201e1st National Conference on Infectious Disease Modeling\u201d versammelten sich erstmalig \u00fcber 100 nationale und internationale Wissenschaftler:innen in Berlin, um gemeinsam die St\u00e4rkung der Modellierungskompetenz in Deutschland voranzutreiben. Vom 15.03.2023 bis 17.03.2023 trafen sich \u00fcber 100 Modellierer:innen, inklusive alle OptimAgent Partner, am Zuse Institut Berlin, um im Rahmen des ersten j\u00e4hrlichen Treffens des Modellierungsnetz f\u00fcr schwere Infektionskrankheiten (MONID) ihre Projekte vorzustellen. Des Weiteren tauschten sich die Wissenschaftler:innen \u00fcber ihre Forschungsergebnisse aus und diskutierten gemeinsam,<\/p>\n\t\t<\/div>\n\t\t\n\t\t<a class=\"elementor-post__read-more\" href=\"https:\/\/webszh.uk-halle.de\/optimagent\/?p=599\" aria-label=\"Mehr \u00fcber OptimAgent ist Teil der \u201e1st National Conference on Infectious Disease Modeling\u201c in Berlin\" tabindex=\"-1\" >\n\t\t\tRead more \u00bb\t\t<\/a>\n\n\t\t\t\t<\/div>\n\t\t\t\t<\/article>\n\t\t\t\t<article class=\"elementor-post elementor-grid-item post-538 post type-post status-publish format-standard has-post-thumbnail hentry category-aktuelles\" role=\"listitem\">\n\t\t\t\t<a class=\"elementor-post__thumbnail__link\" href=\"https:\/\/webszh.uk-halle.de\/optimagent\/?p=538\" tabindex=\"-1\" >\n\t\t\t<div class=\"elementor-post__thumbnail\"><img decoding=\"async\" width=\"1404\" height=\"834\" src=\"https:\/\/webszh.uk-halle.de\/optimagent\/wp-content\/uploads\/2023\/06\/2022-06-29_Gruppenfoto_Kick-Off_resized_mod-min-1.jpg\" class=\"attachment-full size-full wp-image-404\" alt=\"\" srcset=\"https:\/\/webszh.uk-halle.de\/optimagent\/wp-content\/uploads\/2023\/06\/2022-06-29_Gruppenfoto_Kick-Off_resized_mod-min-1.jpg 1404w, https:\/\/webszh.uk-halle.de\/optimagent\/wp-content\/uploads\/2023\/06\/2022-06-29_Gruppenfoto_Kick-Off_resized_mod-min-1-300x178.jpg 300w, https:\/\/webszh.uk-halle.de\/optimagent\/wp-content\/uploads\/2023\/06\/2022-06-29_Gruppenfoto_Kick-Off_resized_mod-min-1-1024x608.jpg 1024w, https:\/\/webszh.uk-halle.de\/optimagent\/wp-content\/uploads\/2023\/06\/2022-06-29_Gruppenfoto_Kick-Off_resized_mod-min-1-768x456.jpg 768w\" sizes=\"(max-width: 1404px) 100vw, 1404px\" \/><\/div>\n\t\t<\/a>\n\t\t\t\t<div class=\"elementor-post__text\">\n\t\t\t\t<h3 class=\"elementor-post__title\">\n\t\t\t<a href=\"https:\/\/webszh.uk-halle.de\/optimagent\/?p=538\" >\n\t\t\t\tOptimAgent startet mit einer Kick-Off Veranstaltung in Halle\t\t\t<\/a>\n\t\t<\/h3>\n\t\t\t\t<div class=\"elementor-post__meta-data\">\n\t\t\t\t\t<span class=\"elementor-post-date\">\n\t\t\t29. Juni 2022\t\t<\/span>\n\t\t\t\t<\/div>\n\t\t\t\t<div class=\"elementor-post__excerpt\">\n\t\t\t<p>Bei der Kick-Off Veranstaltung kamen erstmalig alle Wissenschaftler:innen der 13 beteiligten Institutionen in Halle zusammen, um gemeinsam erfolgreich in das vom BMBF-gef\u00f6rderte Modellierungsprojekt zu starten. Vom 27. bis 29.06.2022 trafen sich \u00fcber 25 Wissenschaftler:innen online und offline an der Martin-Luther-Universit\u00e4t Halle-Wittenberg, um \u00fcber die konkrete Umsetzung des zu entwickelnden Agenten-basierten Models zu sprechen. Im Fokus der Auftaktveranstaltung stand vor allem das Kennenlernen untereinander, die Vorstellung der sechs Teilprojekte und deren Arbeitspakete im Detail sowie die<\/p>\n\t\t<\/div>\n\t\t\n\t\t<a class=\"elementor-post__read-more\" href=\"https:\/\/webszh.uk-halle.de\/optimagent\/?p=538\" aria-label=\"Mehr \u00fcber OptimAgent startet mit einer Kick-Off Veranstaltung in Halle\" tabindex=\"-1\" >\n\t\t\tRead more \u00bb\t\t<\/a>\n\n\t\t\t\t<\/div>\n\t\t\t\t<\/article>\n\t\t\t\t<\/div>\n\t\t\n\t\t\t\t\t\t<\/div>\n\t\t\t\t<\/div>\n\t\t\t\t\t<\/div>\n\t\t<\/div>\n\t\t\t\t\t<\/div>\n\t\t<\/section>\n\t\t\t\t<\/div>\n\t\t","protected":false},"excerpt":{"rendered":"<p>News Here you can find the latest updates and news from our modeling network.<\/p>\n","protected":false},"author":3,"featured_media":0,"parent":0,"menu_order":0,"comment_status":"closed","ping_status":"closed","template":"","meta":{"footnotes":""},"class_list":["post-574","page","type-page","status-publish","hentry"],"_links":{"self":[{"href":"https:\/\/webszh.uk-halle.de\/optimagent\/index.php?rest_route=\/wp\/v2\/pages\/574","targetHints":{"allow":["GET"]}}],"collection":[{"href":"https:\/\/webszh.uk-halle.de\/optimagent\/index.php?rest_route=\/wp\/v2\/pages"}],"about":[{"href":"https:\/\/webszh.uk-halle.de\/optimagent\/index.php?rest_route=\/wp\/v2\/types\/page"}],"author":[{"embeddable":true,"href":"https:\/\/webszh.uk-halle.de\/optimagent\/index.php?rest_route=\/wp\/v2\/users\/3"}],"replies":[{"embeddable":true,"href":"https:\/\/webszh.uk-halle.de\/optimagent\/index.php?rest_route=%2Fwp%2Fv2%2Fcomments&post=574"}],"version-history":[{"count":10,"href":"https:\/\/webszh.uk-halle.de\/optimagent\/index.php?rest_route=\/wp\/v2\/pages\/574\/revisions"}],"predecessor-version":[{"id":676,"href":"https:\/\/webszh.uk-halle.de\/optimagent\/index.php?rest_route=\/wp\/v2\/pages\/574\/revisions\/676"}],"wp:attachment":[{"href":"https:\/\/webszh.uk-halle.de\/optimagent\/index.php?rest_route=%2Fwp%2Fv2%2Fmedia&parent=574"}],"curies":[{"name":"wp","href":"https:\/\/api.w.org\/{rel}","templated":true}]}}