{"id":3537,"date":"2022-10-27T10:39:43","date_gmt":"2022-10-27T08:39:43","guid":{"rendered":"https:\/\/webszh.uk-halle.de\/digihero\/hintergruende\/"},"modified":"2025-09-12T12:36:46","modified_gmt":"2025-09-12T10:36:46","slug":"hintergruende","status":"publish","type":"page","link":"https:\/\/webszh.uk-halle.de\/digihero\/hintergruende\/","title":{"rendered":"Hintergr\u00fcnde"},"content":{"rendered":"\t\t<div data-elementor-type=\"wp-page\" data-elementor-id=\"3537\" class=\"elementor elementor-3537\" data-elementor-post-type=\"page\">\n\t\t\t\t\t\t<section class=\"elementor-section elementor-top-section elementor-element elementor-element-8e3a1c1 elementor-section-height-min-height elementor-section-boxed elementor-section-height-default elementor-section-items-middle\" data-id=\"8e3a1c1\" data-element_type=\"section\" data-e-type=\"section\" data-settings=\"{&quot;background_background&quot;:&quot;classic&quot;}\">\n\t\t\t\t\t\t\t<div class=\"elementor-background-overlay\"><\/div>\n\t\t\t\t\t\t\t<div class=\"elementor-container elementor-column-gap-default\">\n\t\t\t\t\t<div class=\"elementor-column elementor-col-100 elementor-top-column elementor-element elementor-element-24522c4\" data-id=\"24522c4\" data-element_type=\"column\" data-e-type=\"column\">\n\t\t\t<div class=\"elementor-widget-wrap elementor-element-populated\">\n\t\t\t\t\t\t<div class=\"elementor-element elementor-element-7bc0df6 elementor-widget elementor-widget-heading\" data-id=\"7bc0df6\" data-element_type=\"widget\" data-e-type=\"widget\" data-widget_type=\"heading.default\">\n\t\t\t\t\t<h2 class=\"elementor-heading-title elementor-size-default\">Hintergr\u00fcnde<\/h2>\t\t\t\t<\/div>\n\t\t\t\t\t<\/div>\n\t\t<\/div>\n\t\t\t\t\t<\/div>\n\t\t<\/section>\n\t\t\t\t<section class=\"elementor-section elementor-top-section elementor-element elementor-element-8b07362 elementor-section-boxed elementor-section-height-default elementor-section-height-default\" data-id=\"8b07362\" data-element_type=\"section\" data-e-type=\"section\">\n\t\t\t\t\t\t<div class=\"elementor-container elementor-column-gap-default\">\n\t\t\t\t\t<div class=\"elementor-column elementor-col-100 elementor-top-column elementor-element elementor-element-f873071\" data-id=\"f873071\" data-element_type=\"column\" data-e-type=\"column\">\n\t\t\t<div class=\"elementor-widget-wrap elementor-element-populated\">\n\t\t\t\t\t\t<section class=\"elementor-section elementor-inner-section elementor-element elementor-element-a1d315c elementor-section-full_width elementor-reverse-mobile elementor-reverse-tablet elementor-section-height-default elementor-section-height-default\" data-id=\"a1d315c\" data-element_type=\"section\" data-e-type=\"section\">\n\t\t\t\t\t\t<div class=\"elementor-container elementor-column-gap-no\">\n\t\t\t\t\t<div class=\"elementor-column elementor-col-50 elementor-inner-column elementor-element elementor-element-d4297ad\" data-id=\"d4297ad\" data-element_type=\"column\" data-e-type=\"column\">\n\t\t\t<div class=\"elementor-widget-wrap elementor-element-populated\">\n\t\t\t\t\t\t<div class=\"elementor-element elementor-element-a920351 elementor-widget elementor-widget-image\" data-id=\"a920351\" data-element_type=\"widget\" data-e-type=\"widget\" data-widget_type=\"image.default\">\n\t\t\t\t\t\t\t\t\t\t\t\t\t\t\t<img fetchpriority=\"high\" decoding=\"async\" width=\"2560\" height=\"1518\" src=\"https:\/\/webszh.uk-halle.de\/digihero\/wp-content\/uploads\/2021\/07\/cropped-Team_AdobeStock_301970826-scaled-1.jpeg\" class=\"attachment-full size-full wp-image-3538\" alt=\"\" srcset=\"https:\/\/webszh.uk-halle.de\/digihero\/wp-content\/uploads\/2021\/07\/cropped-Team_AdobeStock_301970826-scaled-1.jpeg 2560w, https:\/\/webszh.uk-halle.de\/digihero\/wp-content\/uploads\/2021\/07\/cropped-Team_AdobeStock_301970826-scaled-1-300x178.jpeg 300w, https:\/\/webszh.uk-halle.de\/digihero\/wp-content\/uploads\/2021\/07\/cropped-Team_AdobeStock_301970826-scaled-1-1024x607.jpeg 1024w, https:\/\/webszh.uk-halle.de\/digihero\/wp-content\/uploads\/2021\/07\/cropped-Team_AdobeStock_301970826-scaled-1-768x455.jpeg 768w, https:\/\/webszh.uk-halle.de\/digihero\/wp-content\/uploads\/2021\/07\/cropped-Team_AdobeStock_301970826-scaled-1-1536x911.jpeg 1536w, https:\/\/webszh.uk-halle.de\/digihero\/wp-content\/uploads\/2021\/07\/cropped-Team_AdobeStock_301970826-scaled-1-2048x1214.jpeg 2048w\" sizes=\"(max-width: 2560px) 100vw, 2560px\" \/>\t\t\t\t\t\t\t\t\t\t\t\t\t\t\t<\/div>\n\t\t\t\t\t<\/div>\n\t\t<\/div>\n\t\t\t\t<div class=\"elementor-column elementor-col-50 elementor-inner-column elementor-element elementor-element-f4e58c7\" data-id=\"f4e58c7\" data-element_type=\"column\" data-e-type=\"column\">\n\t\t\t<div class=\"elementor-widget-wrap elementor-element-populated\">\n\t\t\t\t\t\t<div class=\"elementor-element elementor-element-2f398e7 elementor-widget elementor-widget-heading\" data-id=\"2f398e7\" data-element_type=\"widget\" data-e-type=\"widget\" data-widget_type=\"heading.default\">\n\t\t\t\t\t<h2 class=\"elementor-heading-title elementor-size-default\">Das Besondere an DigiHero<\/h2>\t\t\t\t<\/div>\n\t\t\t\t<div class=\"elementor-element elementor-element-7d0dfe8 elementor-widget elementor-widget-text-editor\" data-id=\"7d0dfe8\" data-element_type=\"widget\" data-e-type=\"widget\" data-widget_type=\"text-editor.default\">\n\t\t\t\t\t\t\t\t\t<p>DigiHero ist eine Online-Studie. Umfragen k\u00f6nnen ganz einfach \u00fcber Tablet, Computer oder Smartphone beantwortet werden. Damit bekommen wir Antworten sehr schnell und k\u00f6nnen \u00fcber aktuelle Themen am Puls der Zeit informieren. Au\u00dferdem schonen unsere Online-Umfragen die Umwelt und den Geldbeutel.<\/p>\n<p>Die Umfragen decken ein breites Spektrum von Gesundheitsthemen ab, z.B. Gesundheitsverhalten, Inanspruchnahme von Versorgungsleistungen oder k\u00f6rperliches und seelisches Befinden. Da die DigiHero-Studie mitten in der Corona-Pandemie gestartet wurde, gibt es auch Umfragen zu den Auswirkungen der Pandemie, zu Infektionsketten in Haushalten und zum sogenannten Long-COVID.&nbsp;<\/p>\n<p><span style=\"color: var( --e-global-color-text ); font-family: var( --e-global-typography-text-font-family ), Sans-serif; font-size: var( --e-global-typography-text-font-size ); font-weight: var( --e-global-typography-text-font-weight );\">Neben Umfragen sind im weiteren Verlauf der Studie auch andere interessante Untersuchungen geplant. Zum Beispiel k\u00f6nnen Einladungen zu Teilprojekten erfolgen, in denen Trockenblutkarten oder Nasenabstriche zum Einsatz kommen oder Untersuchungen in lokalen Gesundheitseinrichtungen stattfinden, oder in denen digitale Technologien eingesetzt werden, wie zum Beispiel Uhren, die Puls und Bewegung messen.&nbsp;<\/span><\/p>\n<p>Eine weitere Besonderheit ist, dass zuk\u00fcnftig auch andere Haushaltsangeh\u00f6rige der Teilnehmenden zur Studie eingeladen werden sollen, sodass wir auch Themen, die die ganze Familie betreffen, aus verschiedenen Perspektiven untersuchen k\u00f6nnen.<\/p>\t\t\t\t\t\t\t\t<\/div>\n\t\t\t\t<div class=\"elementor-element elementor-element-9549033 elementor-icon-list--layout-traditional elementor-list-item-link-full_width elementor-widget elementor-widget-icon-list\" data-id=\"9549033\" data-element_type=\"widget\" data-e-type=\"widget\" data-widget_type=\"icon-list.default\">\n\t\t\t\t\t\t\t<ul class=\"elementor-icon-list-items\">\n\t\t\t\t\t\t\t<li class=\"elementor-icon-list-item\">\n\t\t\t\t\t\t\t\t\t\t\t<a href=\"https:\/\/webszh.uk-halle.de\/digihero\/wp-content\/uploads\/2024\/07\/DigiHero_Studieninformation_2024-07-23.pdf\" target=\"_blank\">\n\n\t\t\t\t\t\t\t\t\t\t\t\t<span class=\"elementor-icon-list-icon\">\n\t\t\t\t\t\t\t<svg aria-hidden=\"true\" class=\"e-font-icon-svg e-fas-download\" viewBox=\"0 0 512 512\" xmlns=\"http:\/\/www.w3.org\/2000\/svg\"><path d=\"M216 0h80c13.3 0 24 10.7 24 24v168h87.7c17.8 0 26.7 21.5 14.1 34.1L269.7 378.3c-7.5 7.5-19.8 7.5-27.3 0L90.1 226.1c-12.6-12.6-3.7-34.1 14.1-34.1H192V24c0-13.3 10.7-24 24-24zm296 376v112c0 13.3-10.7 24-24 24H24c-13.3 0-24-10.7-24-24V376c0-13.3 10.7-24 24-24h146.7l49 49c20.1 20.1 52.5 20.1 72.6 0l49-49H488c13.3 0 24 10.7 24 24zm-124 88c0-11-9-20-20-20s-20 9-20 20 9 20 20 20 20-9 20-20zm64 0c0-11-9-20-20-20s-20 9-20 20 9 20 20 20 20-9 20-20z\"><\/path><\/svg>\t\t\t\t\t\t<\/span>\n\t\t\t\t\t\t\t\t\t\t<span class=\"elementor-icon-list-text\">Informationen zur Studie<\/span>\n\t\t\t\t\t\t\t\t\t\t\t<\/a>\n\t\t\t\t\t\t\t\t\t<\/li>\n\t\t\t\t\t\t<\/ul>\n\t\t\t\t\t\t<\/div>\n\t\t\t\t\t<\/div>\n\t\t<\/div>\n\t\t\t\t\t<\/div>\n\t\t<\/section>\n\t\t\t\t<section class=\"elementor-section elementor-inner-section elementor-element elementor-element-4c06e11 elementor-section-full_width elementor-section-height-default elementor-section-height-default\" data-id=\"4c06e11\" data-element_type=\"section\" data-e-type=\"section\">\n\t\t\t\t\t\t<div class=\"elementor-container elementor-column-gap-no\">\n\t\t\t\t\t<div class=\"elementor-column elementor-col-50 elementor-inner-column elementor-element elementor-element-2d37729\" data-id=\"2d37729\" data-element_type=\"column\" data-e-type=\"column\">\n\t\t\t<div class=\"elementor-widget-wrap elementor-element-populated\">\n\t\t\t\t\t\t<div class=\"elementor-element elementor-element-0532bfa elementor-widget elementor-widget-heading\" data-id=\"0532bfa\" data-element_type=\"widget\" data-e-type=\"widget\" data-widget_type=\"heading.default\">\n\t\t\t\t\t<h2 class=\"elementor-heading-title elementor-size-default\">Ablauf <\/h2>\t\t\t\t<\/div>\n\t\t\t\t<div class=\"elementor-element elementor-element-a5e7506 elementor-widget elementor-widget-text-editor\" data-id=\"a5e7506\" data-element_type=\"widget\" data-e-type=\"widget\" data-widget_type=\"text-editor.default\">\n\t\t\t\t\t\t\t\t\t<p>Sie k\u00f6nnen sich <a href=\"https:\/\/webszh.uk-halle.de\/limesurvey\/index.php\/918424?lang=de\">hier<\/a> registrieren und bekommen dann hin und wieder Einladungen zu aktuellen Projekten. Wir m\u00f6chten Sie zu Online-Umfragen und anderen interessanten Teilprojekten zu Gesundheitsthemen einladen, und\u00a0 Sie daf\u00fcr per E-Mail kontaktieren.\u00a0<\/p><p>Aktuell planen wir ca. 3-4 Umfragen bzw. Teilprojekte pro Jahr zu unterschiedlichen Gesundheitsthemen durchzuf\u00fchren. Der Zeitaufwand bel\u00e4uft sich auf 10-15 Minuten pro Umfrage. Sp\u00e4ter kann es sein, dass wir ausgew\u00e4hlte Teilnehmende in Kooperation mit lokalen Gesundheitseinrichtungen zu Untersuchungen einladen.<\/p><p>Ihre Teilnahme an den Online-Umfragen und an jedem Teilprojekt von DigiHero ist stets freiwillig. Bei jeder Umfrage und jedem Teilprojekt entscheiden Sie selbst, ob Sie daran teilnehmen m\u00f6chten. Sie k\u00f6nnen Ihre Teilnahme jederzeit per E-Mail oder Anruf in unserem <a href=\"https:\/\/webszh.uk-halle.de\/digihero\/kontakt\/\">Studiensekretariat<\/a> beenden oder widerrufen.<\/p>\t\t\t\t\t\t\t\t<\/div>\n\t\t\t\t\t<\/div>\n\t\t<\/div>\n\t\t\t\t<div class=\"elementor-column elementor-col-50 elementor-inner-column elementor-element elementor-element-619388b\" data-id=\"619388b\" data-element_type=\"column\" data-e-type=\"column\">\n\t\t\t<div class=\"elementor-widget-wrap elementor-element-populated\">\n\t\t\t\t\t\t<div class=\"elementor-element elementor-element-5718b65 elementor-widget elementor-widget-image\" data-id=\"5718b65\" data-element_type=\"widget\" data-e-type=\"widget\" data-widget_type=\"image.default\">\n\t\t\t\t\t\t\t\t\t\t\t\t\t\t\t<img decoding=\"async\" width=\"2560\" height=\"1709\" src=\"https:\/\/webszh.uk-halle.de\/digihero\/wp-content\/uploads\/2021\/07\/cropped-Arbeit_Laptop_Recherche_AdobeStock_222167825-scaled-1.jpeg\" class=\"attachment-full size-full wp-image-3539\" alt=\"\" srcset=\"https:\/\/webszh.uk-halle.de\/digihero\/wp-content\/uploads\/2021\/07\/cropped-Arbeit_Laptop_Recherche_AdobeStock_222167825-scaled-1.jpeg 2560w, https:\/\/webszh.uk-halle.de\/digihero\/wp-content\/uploads\/2021\/07\/cropped-Arbeit_Laptop_Recherche_AdobeStock_222167825-scaled-1-300x200.jpeg 300w, https:\/\/webszh.uk-halle.de\/digihero\/wp-content\/uploads\/2021\/07\/cropped-Arbeit_Laptop_Recherche_AdobeStock_222167825-scaled-1-1024x684.jpeg 1024w, https:\/\/webszh.uk-halle.de\/digihero\/wp-content\/uploads\/2021\/07\/cropped-Arbeit_Laptop_Recherche_AdobeStock_222167825-scaled-1-768x513.jpeg 768w, https:\/\/webszh.uk-halle.de\/digihero\/wp-content\/uploads\/2021\/07\/cropped-Arbeit_Laptop_Recherche_AdobeStock_222167825-scaled-1-1536x1025.jpeg 1536w, https:\/\/webszh.uk-halle.de\/digihero\/wp-content\/uploads\/2021\/07\/cropped-Arbeit_Laptop_Recherche_AdobeStock_222167825-scaled-1-2048x1367.jpeg 2048w\" sizes=\"(max-width: 2560px) 100vw, 2560px\" \/>\t\t\t\t\t\t\t\t\t\t\t\t\t\t\t<\/div>\n\t\t\t\t\t<\/div>\n\t\t<\/div>\n\t\t\t\t\t<\/div>\n\t\t<\/section>\n\t\t\t\t<section class=\"elementor-section elementor-inner-section elementor-element elementor-element-7687445 elementor-section-full_width elementor-reverse-mobile elementor-reverse-tablet elementor-section-height-default elementor-section-height-default\" data-id=\"7687445\" data-element_type=\"section\" data-e-type=\"section\">\n\t\t\t\t\t\t<div class=\"elementor-container elementor-column-gap-no\">\n\t\t\t\t\t<div class=\"elementor-column elementor-col-50 elementor-inner-column elementor-element elementor-element-e304c48\" data-id=\"e304c48\" data-element_type=\"column\" data-e-type=\"column\">\n\t\t\t<div class=\"elementor-widget-wrap elementor-element-populated\">\n\t\t\t\t\t\t<div class=\"elementor-element elementor-element-baf4ee7 elementor-widget elementor-widget-image\" data-id=\"baf4ee7\" data-element_type=\"widget\" data-e-type=\"widget\" data-widget_type=\"image.default\">\n\t\t\t\t\t\t\t\t\t\t\t\t\t\t\t<img decoding=\"async\" width=\"2560\" height=\"1512\" src=\"https:\/\/webszh.uk-halle.de\/digihero\/wp-content\/uploads\/2024\/11\/hiki-app-aM-BRQtrng8-unsplash-scaled.jpg\" class=\"attachment-full size-full wp-image-7944\" alt=\"Symbolbild: Zwei Personen schauen auf ihre Smartphones\" srcset=\"https:\/\/webszh.uk-halle.de\/digihero\/wp-content\/uploads\/2024\/11\/hiki-app-aM-BRQtrng8-unsplash-scaled.jpg 2560w, https:\/\/webszh.uk-halle.de\/digihero\/wp-content\/uploads\/2024\/11\/hiki-app-aM-BRQtrng8-unsplash-300x177.jpg 300w, https:\/\/webszh.uk-halle.de\/digihero\/wp-content\/uploads\/2024\/11\/hiki-app-aM-BRQtrng8-unsplash-1024x605.jpg 1024w, https:\/\/webszh.uk-halle.de\/digihero\/wp-content\/uploads\/2024\/11\/hiki-app-aM-BRQtrng8-unsplash-768x454.jpg 768w, https:\/\/webszh.uk-halle.de\/digihero\/wp-content\/uploads\/2024\/11\/hiki-app-aM-BRQtrng8-unsplash-1536x907.jpg 1536w, https:\/\/webszh.uk-halle.de\/digihero\/wp-content\/uploads\/2024\/11\/hiki-app-aM-BRQtrng8-unsplash-2048x1210.jpg 2048w\" sizes=\"(max-width: 2560px) 100vw, 2560px\" \/>\t\t\t\t\t\t\t\t\t\t\t\t\t\t\t<\/div>\n\t\t\t\t\t<\/div>\n\t\t<\/div>\n\t\t\t\t<div class=\"elementor-column elementor-col-50 elementor-inner-column elementor-element elementor-element-a9cbd64\" data-id=\"a9cbd64\" data-element_type=\"column\" data-e-type=\"column\">\n\t\t\t<div class=\"elementor-widget-wrap elementor-element-populated\">\n\t\t\t\t\t\t<div class=\"elementor-element elementor-element-de7bb49 elementor-widget elementor-widget-heading\" data-id=\"de7bb49\" data-element_type=\"widget\" data-e-type=\"widget\" data-widget_type=\"heading.default\">\n\t\t\t\t\t<h2 class=\"elementor-heading-title elementor-size-default\">Teilnahme<\/h2>\t\t\t\t<\/div>\n\t\t\t\t<div class=\"elementor-element elementor-element-54a7f67 elementor-widget elementor-widget-text-editor\" data-id=\"54a7f67\" data-element_type=\"widget\" data-e-type=\"widget\" data-widget_type=\"text-editor.default\">\n\t\t\t\t\t\t\t\t\t<p>Zur Teilnahme an DigiHero gibt es zwei Wege:<\/p><p><strong>Weg 1:<\/strong> An DigiHero k\u00f6nnen alle Personen \u00fcber 18 Jahre teilnehmen, die \u00fcber einen Internetzugang und eine eigene E-Mail-Adresse verf\u00fcgen. Alle Interessierten k\u00f6nnen sich <a href=\"https:\/\/webszh.uk-halle.de\/limesurvey\/index.php\/918424?lang=de\">hier<\/a> registrieren.<\/p><p><strong>Weg 2:<\/strong> Um m\u00f6glichst viele Personen auf DigiHero aufmerksam zu machen, haben wir Einwohnermelde\u00e4mter in verschiedenen Regionen Deutschlands um eine zuf\u00e4llige Auswahl von Adressen gebeten. Die Einwohnermelde\u00e4mter d\u00fcrfen uns nach dem Bundesmeldegesetz (\u00a734, \u00a746) f\u00fcr Forschungszwecke Adressdaten \u00fcbermitteln. Wir haben an die ausgew\u00e4hlten Adressen ein Informationsschreiben zur DigiHero-Studie versandt und zur Teilnahme an der Studie eingeladen. Alle Eingeladenen k\u00f6nnen sich <a href=\"https:\/\/webszh.uk-halle.de\/limesurvey\/index.php\/918424?lang=de\">hier<\/a> registrieren.<\/p><p>Die Teilnahme an DigiHero ist freiwillig. Es entstehen Ihnen keine Nachteile, wenn Sie nicht an der Studie teilnehmen m\u00f6chten.<\/p>\t\t\t\t\t\t\t\t<\/div>\n\t\t\t\t\t<\/div>\n\t\t<\/div>\n\t\t\t\t\t<\/div>\n\t\t<\/section>\n\t\t\t\t<section class=\"elementor-section elementor-inner-section elementor-element elementor-element-0511830 elementor-section-full_width elementor-section-height-default elementor-section-height-default\" data-id=\"0511830\" data-element_type=\"section\" data-e-type=\"section\">\n\t\t\t\t\t\t<div class=\"elementor-container elementor-column-gap-no\">\n\t\t\t\t\t<div class=\"elementor-column elementor-col-50 elementor-inner-column elementor-element elementor-element-08086be\" data-id=\"08086be\" data-element_type=\"column\" data-e-type=\"column\">\n\t\t\t<div class=\"elementor-widget-wrap elementor-element-populated\">\n\t\t\t\t\t\t<div class=\"elementor-element elementor-element-ca389b2 elementor-widget elementor-widget-heading\" data-id=\"ca389b2\" data-element_type=\"widget\" data-e-type=\"widget\" data-widget_type=\"heading.default\">\n\t\t\t\t\t<h2 class=\"elementor-heading-title elementor-size-default\">Datenschutz<\/h2>\t\t\t\t<\/div>\n\t\t\t\t<div class=\"elementor-element elementor-element-6b144cc elementor-widget elementor-widget-text-editor\" data-id=\"6b144cc\" data-element_type=\"widget\" data-e-type=\"widget\" data-widget_type=\"text-editor.default\">\n\t\t\t\t\t\t\t\t\t<p>Informationen <strong>f\u00fcr Empf\u00e4ngerinnen und Empf\u00e4nger des Informations- und Einladungsschreibens<\/strong> sowie des Flyers zur DigiHero-Studie finden Sie in <a href=\"https:\/\/webszh.uk-halle.de\/digihero\/wp-content\/uploads\/2024\/07\/DigiHero_DSGVO-zum-Einladungsschreiben_2024-06-07.pdf\" target=\"_blank\" rel=\"noopener\">diesem<\/a> Dokument.\u00a0<\/p><p>Informationen\u00a0<strong>f\u00fcr Teilnehmerinnen und Teilnehmer der Studie<\/strong>\u00a0f\u00fcr digitale Gesundheitsforschung in Deutschland (DigiHero) finden Sie in <a href=\"https:\/\/webszh.uk-halle.de\/digihero\/wp-content\/uploads\/2024\/07\/DigiHero_DSGVO_2024-06-07.pdf\" target=\"_blank\" rel=\"noopener\">diesem<\/a> Dokument.\u00a0<\/p>\t\t\t\t\t\t\t\t<\/div>\n\t\t\t\t<div class=\"elementor-element elementor-element-b1cc887 elementor-widget elementor-widget-text-editor\" data-id=\"b1cc887\" data-element_type=\"widget\" data-e-type=\"widget\" data-widget_type=\"text-editor.default\">\n\t\t\t\t\t\t\t\t\t<p>Wenn Sie an der DigiHero-Studie teilnehmen, nehmen wir Ihre pers\u00f6nlichen Daten (wie Name, Adresse und E-Mail-Adresse) auf, um Sie zum Beispiel \u00fcber neue Studienmodule informieren zu k\u00f6nnen. Nur f\u00fcr solche Zwecke werden Ihre pers\u00f6nlichen Daten auf einem gesicherten und getrennten Server aufbewahrt.<\/p><p>Die Befragungen finden pseudonymisiert statt, d.h. unter einer individuellen Zahlenkombination, die nicht auf Ihre pers\u00f6nlichen Daten schlie\u00dfen l\u00e4sst. Die Antworten werden separat auf einem anderen sicheren Server aufbewahrt. Sie werden niemals mit den pers\u00f6nlichen Daten verkn\u00fcpft.<\/p><p>Der Zugang zu den pers\u00f6nlichen Daten und den Antworten ist streng kontrolliert und erfolgt nur durch autorisiertes Studienpersonal.<\/p><p>Ihre pseudonymisierten Antworten werden f\u00fcr wissenschaftliche Publikationen verwendet, aber wir werden uns dar\u00fcber hinaus auch sehr bem\u00fchen, die Ergebnisse in der Gesellschaft bekannt zu machen.<\/p><p>Wir m\u00f6chten unsere Studie \u00fcber einen langen Zeitraum durchf\u00fchren. Falls die Studie zu einem Zeitpunkt beendet sein sollte, werden die Daten danach noch weitere 10 Jahre anonymisiert aufbewahrt und anschlie\u00dfend gel\u00f6scht.<\/p>\t\t\t\t\t\t\t\t<\/div>\n\t\t\t\t\t<\/div>\n\t\t<\/div>\n\t\t\t\t<div class=\"elementor-column elementor-col-50 elementor-inner-column elementor-element elementor-element-be7223f\" data-id=\"be7223f\" data-element_type=\"column\" data-e-type=\"column\">\n\t\t\t<div class=\"elementor-widget-wrap elementor-element-populated\">\n\t\t\t\t\t\t<div class=\"elementor-element elementor-element-f5e4907 elementor-widget elementor-widget-image\" data-id=\"f5e4907\" data-element_type=\"widget\" data-e-type=\"widget\" data-widget_type=\"image.default\">\n\t\t\t\t\t\t\t\t\t\t\t\t\t\t\t<img loading=\"lazy\" decoding=\"async\" width=\"800\" height=\"656\" src=\"https:\/\/webszh.uk-halle.de\/digihero\/wp-content\/uploads\/2022\/07\/cropped-Wandern_Laufen_Bewegung_AdobeStock_316005407-2-1024x840.jpg\" class=\"attachment-large size-large wp-image-4709\" alt=\"\" srcset=\"https:\/\/webszh.uk-halle.de\/digihero\/wp-content\/uploads\/2022\/07\/cropped-Wandern_Laufen_Bewegung_AdobeStock_316005407-2-1024x840.jpg 1024w, https:\/\/webszh.uk-halle.de\/digihero\/wp-content\/uploads\/2022\/07\/cropped-Wandern_Laufen_Bewegung_AdobeStock_316005407-2-300x246.jpg 300w, https:\/\/webszh.uk-halle.de\/digihero\/wp-content\/uploads\/2022\/07\/cropped-Wandern_Laufen_Bewegung_AdobeStock_316005407-2-768x630.jpg 768w, https:\/\/webszh.uk-halle.de\/digihero\/wp-content\/uploads\/2022\/07\/cropped-Wandern_Laufen_Bewegung_AdobeStock_316005407-2-1536x1260.jpg 1536w, https:\/\/webszh.uk-halle.de\/digihero\/wp-content\/uploads\/2022\/07\/cropped-Wandern_Laufen_Bewegung_AdobeStock_316005407-2-2048x1681.jpg 2048w\" sizes=\"(max-width: 800px) 100vw, 800px\" \/>\t\t\t\t\t\t\t\t\t\t\t\t\t\t\t<\/div>\n\t\t\t\t\t<\/div>\n\t\t<\/div>\n\t\t\t\t\t<\/div>\n\t\t<\/section>\n\t\t\t\t<section class=\"elementor-section elementor-inner-section elementor-element elementor-element-5a83fe4 elementor-section-full_width elementor-reverse-mobile elementor-reverse-tablet elementor-section-height-default elementor-section-height-default\" data-id=\"5a83fe4\" data-element_type=\"section\" data-e-type=\"section\">\n\t\t\t\t\t\t<div class=\"elementor-container elementor-column-gap-no\">\n\t\t\t\t\t<div class=\"elementor-column elementor-col-50 elementor-inner-column elementor-element elementor-element-65fa70d\" data-id=\"65fa70d\" data-element_type=\"column\" data-e-type=\"column\">\n\t\t\t<div class=\"elementor-widget-wrap elementor-element-populated\">\n\t\t\t\t\t\t<div class=\"elementor-element elementor-element-9b75c1e elementor-widget elementor-widget-image\" data-id=\"9b75c1e\" data-element_type=\"widget\" data-e-type=\"widget\" data-widget_type=\"image.default\">\n\t\t\t\t\t\t\t\t\t\t\t\t\t\t\t<img loading=\"lazy\" decoding=\"async\" width=\"5472\" height=\"3648\" src=\"https:\/\/webszh.uk-halle.de\/digihero\/wp-content\/uploads\/2021\/01\/cropped-Einbindung_Beteiligung_Fragen_AdobeStock_265651548-3.jpeg\" class=\"attachment-full size-full wp-image-1936\" alt=\"\" srcset=\"https:\/\/webszh.uk-halle.de\/digihero\/wp-content\/uploads\/2021\/01\/cropped-Einbindung_Beteiligung_Fragen_AdobeStock_265651548-3.jpeg 5472w, https:\/\/webszh.uk-halle.de\/digihero\/wp-content\/uploads\/2021\/01\/cropped-Einbindung_Beteiligung_Fragen_AdobeStock_265651548-3-300x200.jpeg 300w, https:\/\/webszh.uk-halle.de\/digihero\/wp-content\/uploads\/2021\/01\/cropped-Einbindung_Beteiligung_Fragen_AdobeStock_265651548-3-768x512.jpeg 768w, https:\/\/webszh.uk-halle.de\/digihero\/wp-content\/uploads\/2021\/01\/cropped-Einbindung_Beteiligung_Fragen_AdobeStock_265651548-3-1024x683.jpeg 1024w\" sizes=\"(max-width: 5472px) 100vw, 5472px\" \/>\t\t\t\t\t\t\t\t\t\t\t\t\t\t\t<\/div>\n\t\t\t\t\t<\/div>\n\t\t<\/div>\n\t\t\t\t<div class=\"elementor-column elementor-col-50 elementor-inner-column elementor-element elementor-element-223d8e0\" data-id=\"223d8e0\" data-element_type=\"column\" data-e-type=\"column\">\n\t\t\t<div class=\"elementor-widget-wrap elementor-element-populated\">\n\t\t\t\t\t\t<div class=\"elementor-element elementor-element-1e98702 elementor-widget elementor-widget-heading\" data-id=\"1e98702\" data-element_type=\"widget\" data-e-type=\"widget\" data-widget_type=\"heading.default\">\n\t\t\t\t\t<h2 class=\"elementor-heading-title elementor-size-default\">Aktueller Stand<\/h2>\t\t\t\t<\/div>\n\t\t\t\t<div class=\"elementor-element elementor-element-02eb688 elementor-widget elementor-widget-text-editor\" data-id=\"02eb688\" data-element_type=\"widget\" data-e-type=\"widget\" data-widget_type=\"text-editor.default\">\n\t\t\t\t\t\t\t\t\t<p>Seit Ende 2024 ist DigiHero deutschlandweit in allen 16 Bundesl\u00e4ndern vertreten. In den mitteldeutschen Bundesl\u00e4ndern Sachsen, Sachsen-Anhalt und Th\u00fcringen haben wir fl\u00e4chendeckend in allen Landkreisen Personen angeschrieben und zur DigiHero-Studie eingeladen. In den anderen Bundesl\u00e4ndern haben wir zuf\u00e4llige Landkreise und Regionen ausgew\u00e4hlt.<\/p><p>Insgesamt haben wir f\u00fcr die DigiHero-Studie fast vier Millionen Menschen angeschrieben. Jeden Tag k\u00f6nnen wir Interessierte von unserer Studie \u00fcberzeugen. Mehr als 100.000 Teilnehmende haben sich mittlerweile unserer Studie angeschlossen. Durch die gro\u00dfe Anzahl an Teilnehmenden k\u00f6nnen wir belastbare Ergebnisse erzielen und regionale Unterschiede oder Unterschiede in Subgruppen feststellen.<\/p>\t\t\t\t\t\t\t\t<\/div>\n\t\t\t\t\t<\/div>\n\t\t<\/div>\n\t\t\t\t\t<\/div>\n\t\t<\/section>\n\t\t\t\t\t<\/div>\n\t\t<\/div>\n\t\t\t\t\t<\/div>\n\t\t<\/section>\n\t\t\t\t<\/div>\n\t\t","protected":false},"excerpt":{"rendered":"<p>Hintergr\u00fcnde Das Besondere an DigiHero DigiHero ist eine Online-Studie. Umfragen k\u00f6nnen ganz einfach \u00fcber Tablet, Computer oder Smartphone beantwortet werden. Damit bekommen wir Antworten sehr schnell und k\u00f6nnen \u00fcber aktuelle Themen am Puls der Zeit informieren. Au\u00dferdem schonen unsere Online-Umfragen die Umwelt und den Geldbeutel. Die Umfragen decken ein breites Spektrum von Gesundheitsthemen ab, z.B. [&hellip;]<\/p>\n","protected":false},"author":20,"featured_media":0,"parent":0,"menu_order":0,"comment_status":"closed","ping_status":"closed","template":"","meta":{"_acf_changed":false,"footnotes":""},"class_list":["post-3537","page","type-page","status-publish","hentry"],"acf":[],"_links":{"self":[{"href":"https:\/\/webszh.uk-halle.de\/digihero\/wp-json\/wp\/v2\/pages\/3537","targetHints":{"allow":["GET"]}}],"collection":[{"href":"https:\/\/webszh.uk-halle.de\/digihero\/wp-json\/wp\/v2\/pages"}],"about":[{"href":"https:\/\/webszh.uk-halle.de\/digihero\/wp-json\/wp\/v2\/types\/page"}],"author":[{"embeddable":true,"href":"https:\/\/webszh.uk-halle.de\/digihero\/wp-json\/wp\/v2\/users\/20"}],"replies":[{"embeddable":true,"href":"https:\/\/webszh.uk-halle.de\/digihero\/wp-json\/wp\/v2\/comments?post=3537"}],"version-history":[{"count":123,"href":"https:\/\/webszh.uk-halle.de\/digihero\/wp-json\/wp\/v2\/pages\/3537\/revisions"}],"predecessor-version":[{"id":9492,"href":"https:\/\/webszh.uk-halle.de\/digihero\/wp-json\/wp\/v2\/pages\/3537\/revisions\/9492"}],"wp:attachment":[{"href":"https:\/\/webszh.uk-halle.de\/digihero\/wp-json\/wp\/v2\/media?parent=3537"}],"curies":[{"name":"wp","href":"https:\/\/api.w.org\/{rel}","templated":true}]}}