{"id":2293,"date":"2021-02-04T10:30:09","date_gmt":"2021-02-04T09:30:09","guid":{"rendered":"https:\/\/webszh.uk-halle.de\/digihero\/erlaeuterungen-zur-stichprobenziehung\/"},"modified":"2024-10-11T14:06:01","modified_gmt":"2024-10-11T12:06:01","slug":"erlaeuterungen-zur-stichprobenziehung","status":"publish","type":"page","link":"https:\/\/webszh.uk-halle.de\/digihero\/erlaeuterungen-zur-stichprobenziehung\/","title":{"rendered":"Erl\u00e4uterungen zur Stichprobenziehung"},"content":{"rendered":"\t\t<div data-elementor-type=\"wp-page\" data-elementor-id=\"2293\" class=\"elementor elementor-2293\" data-elementor-post-type=\"page\">\n\t\t\t\t\t\t<section class=\"elementor-section elementor-top-section elementor-element elementor-element-c031458 elementor-section-height-min-height elementor-section-boxed elementor-section-height-default elementor-section-items-middle\" data-id=\"c031458\" data-element_type=\"section\" data-e-type=\"section\" data-settings=\"{&quot;background_background&quot;:&quot;classic&quot;}\">\n\t\t\t\t\t\t\t<div class=\"elementor-background-overlay\"><\/div>\n\t\t\t\t\t\t\t<div class=\"elementor-container elementor-column-gap-default\">\n\t\t\t\t\t<div class=\"elementor-column elementor-col-100 elementor-top-column elementor-element elementor-element-5632d50\" data-id=\"5632d50\" data-element_type=\"column\" data-e-type=\"column\">\n\t\t\t<div class=\"elementor-widget-wrap elementor-element-populated\">\n\t\t\t\t\t\t<div class=\"elementor-element elementor-element-5499977 elementor-widget elementor-widget-heading\" data-id=\"5499977\" data-element_type=\"widget\" data-e-type=\"widget\" data-widget_type=\"heading.default\">\n\t\t\t\t\t<h2 class=\"elementor-heading-title elementor-size-default\">Erl\u00e4uterungen zur Stichprobenziehung<\/h2>\t\t\t\t<\/div>\n\t\t\t\t\t<\/div>\n\t\t<\/div>\n\t\t\t\t\t<\/div>\n\t\t<\/section>\n\t\t\t\t<section class=\"elementor-section elementor-top-section elementor-element elementor-element-74b783d elementor-hidden-phone elementor-section-boxed elementor-section-height-default elementor-section-height-default\" data-id=\"74b783d\" data-element_type=\"section\" data-e-type=\"section\" data-settings=\"{&quot;background_background&quot;:&quot;classic&quot;}\">\n\t\t\t\t\t\t<div class=\"elementor-container elementor-column-gap-default\">\n\t\t\t\t\t<div class=\"elementor-column elementor-col-100 elementor-top-column elementor-element elementor-element-21231c1\" data-id=\"21231c1\" data-element_type=\"column\" data-e-type=\"column\" data-settings=\"{&quot;background_background&quot;:&quot;classic&quot;}\">\n\t\t\t<div class=\"elementor-widget-wrap elementor-element-populated\">\n\t\t\t\t\t\t<div class=\"elementor-element elementor-element-4619d3f5 elementor-widget elementor-widget-text-editor\" data-id=\"4619d3f5\" data-element_type=\"widget\" data-e-type=\"widget\" data-widget_type=\"text-editor.default\">\n\t\t\t\t\t\t\t\t\t<div class=\"style-1256 style-local-2293-c1 position-relative\" data-colibri-id=\"2293-c1\"><div id=\"custom\" class=\"h-section h-section-global-spacing d-flex align-items-lg-center align-items-md-center align-items-center style-1257 style-local-2293-c2 position-relative\" data-colibri-component=\"section\" data-colibri-id=\"2293-c2\"><div class=\"h-section-grid-container h-section-boxed-container\"><div class=\"h-row-container gutters-row-lg-2 gutters-row-md-2 gutters-row-0 gutters-row-v-lg-2 gutters-row-v-md-2 gutters-row-v-2 style-1260 style-local-2293-c3 position-relative\" data-colibri-id=\"2293-c3\"><div class=\"h-row justify-content-lg-center justify-content-md-center justify-content-center align-items-lg-stretch align-items-md-stretch align-items-stretch gutters-col-lg-2 gutters-col-md-2 gutters-col-0 gutters-col-v-lg-2 gutters-col-v-md-2 gutters-col-v-2\"><div class=\"h-column h-column-container d-flex h-col-lg-auto h-col-md-auto h-col-auto style-1261-outer style-local-2293-c4-outer\"><div class=\"d-flex h-flex-basis h-column__inner h-px-lg-2 h-px-md-2 h-px-2 v-inner-lg-2 v-inner-md-2 v-inner-2 style-1261 style-local-2293-c4 position-relative\" data-colibri-id=\"2293-c4\"><div class=\"w-100 h-y-container h-column__content h-column__v-align flex-basis-100 align-self-lg-start align-self-md-start align-self-start\"><div class=\"h-text h-text-component style-1262 style-local-2293-c5 position-relative h-element\" data-colibri-id=\"2293-c5\"><div class=\"\"><h4><strong>Wie bekommt das Studienteam der DigiHero-Studie die Adressen der angeschriebenen Einwohnerinnen und Einwohner?<\/strong><\/h4><\/div><\/div><\/div><\/div><\/div><\/div><\/div><div class=\"h-row-container gutters-row-lg-2 gutters-row-md-2 gutters-row-0 gutters-row-v-lg-2 gutters-row-v-md-2 gutters-row-v-2 style-1258 style-local-2293-c6 position-relative\" data-colibri-id=\"2293-c6\"><div class=\"h-row justify-content-lg-center justify-content-md-center justify-content-center align-items-lg-stretch align-items-md-stretch align-items-stretch gutters-col-lg-2 gutters-col-md-2 gutters-col-0 gutters-col-v-lg-2 gutters-col-v-md-2 gutters-col-v-2\"><div class=\"h-column h-column-container d-flex h-col-lg-auto h-col-md-auto h-col-auto style-1259-outer style-local-2293-c7-outer\"><div class=\"d-flex h-flex-basis h-column__inner h-px-lg-2 h-px-md-2 h-px-2 v-inner-lg-2 v-inner-md-2 v-inner-2 style-1259 style-local-2293-c7 position-relative\" data-colibri-id=\"2293-c7\"><div class=\"w-100 h-y-container h-column__content h-column__v-align flex-basis-100 align-self-lg-start align-self-md-start align-self-start\"><div class=\"h-text h-text-component style-1263 style-local-2293-c8 position-relative h-element\" data-colibri-id=\"2293-c8\"><div class=\"\"><p>Immer wieder erreichen uns Fragen dazu, wie wir die Adressen der von uns angeschriebenen Haushalte bekommen haben. Da uns Ihre Anliegen wichtig sind und wir transparent arbeiten, haben wir hier noch einmal kurz zusammengefasst, \u00fcber welche Wege wir die Adressen erhalten haben und wie wir mit diesen umgehen.<\/p><p>Das <strong>Bundesmeldegesetz<\/strong>, hier \u00a7 34, sieht vor, dass die Meldebeh\u00f6rde einer anderen \u00f6ffentlichen Stelle die dort genannten Daten \u00fcbermitteln darf, soweit dies zur Erf\u00fcllung ihrer \u00f6ffentlichen Aufgaben erforderlich ist. Die DigiHero-Studie erf\u00fcllt als Forschungsvorhaben der Universit\u00e4tsmedizin Halle diese gesetzlichen Voraussetzungen. Als Teil der Martin-Luther-Universit\u00e4t Halle-Wittenberg sind wir eine \u00f6ffentliche Einrichtung und f\u00fchren unsere DigiHero-Studie im \u00f6ffentlichen Interesse durch. Um m\u00f6gliche Teilnehmer und Teilnehmerinnen f\u00fcr die Studie zu gewinnen, haben wir auf dieser Gesetzesgrundlage Adressen von zuf\u00e4llig ausgew\u00e4hlten Haushalten aus dem Melderegister abgerufen. Dies erfolgte, je nach Region, auf einem von <strong>drei Wegen<\/strong>:<\/p><ol><li>Wir haben uns direkt mit dem <strong>Einwohnermeldeamt<\/strong> Ihrer Stadt\/Gemeinde in Verbindung gesetzt und eine zuf\u00e4llige Auswahl von Adressen erhalten.<\/li><li>Wir haben einen <strong>Dienstleister<\/strong> beauftragt, eine zuf\u00e4llige Auswahl von Adressen aus der entsprechenden Region f\u00fcr uns beim Einwohnermeldeamt aus dem Melderegister abzurufen.<\/li><li>Wir haben eine freie Suche im <strong>automatisierten Datenabruf f\u00fcr \u00f6ffentliche Stellen<\/strong> nach \u00a7 34 a Abs. 1 und 3 Bundesmeldegesetz (BMG) f\u00fcr die entsprechende Region durchgef\u00fchrt und eine zuf\u00e4llige Auswahl von Adressen erhalten.<\/li><\/ol><p>\u00a0<\/p><p>Auf allen drei Wegen konnte die <strong>Auswahl der Adressen und auch die Weitergabe<\/strong> der Adressen durch die Einwohnermelde\u00e4mter <strong>nicht von uns beeinflusst<\/strong> werden. Falls Sie mit der Weitergabe Ihrer Adresse nicht einverstanden sind, k\u00f6nnen Sie sich mit Ihrem Einwohnermeldeamt in Verbindung setzen und eine <strong>Auskunftssperre<\/strong> beantragen.<\/p><p>Die gesammelten Adressen wurden von uns f\u00fcr den Versand eines Anschreibens und einer Studieninformation der DigiHero-Studie genutzt. Der Zugang zu allen Adressen ist bei uns im System passwortgesch\u00fctzt und nur wenigen ausgew\u00e4hlten Mitarbeitern und Mitarbeiterinnen erlaubt. <strong>Drei Monate nach der Rekrutierungsphase werden wir die Adressen unwiderruflich und entsprechend der gesetzlichen Vorgaben l\u00f6schen.<\/strong> Zum Zweck der Versendung der Einladungsschreiben wurden die Adressen von uns an die Deutsche Post \u00fcbermittelt. Die Weitergabe der Adressen an Dritte ist ausgeschlossen.<\/p><p>Wenn Teilnehmende entscheiden, sich f\u00fcr die Studie zu registrieren, werden sie online \u00fcber das <strong>Datenschutzkonzept<\/strong> informiert. Dieses beinhaltet z.B. Informationen \u00fcber die Erfassung, Speicherung und Weiterleitung der personenbezogenen Daten sowie die diesbez\u00fcglichen Rechte. Erst wenn sich die Teilnehmenden f\u00fcr die DigiHero-Studie registrieren, beginnt die Speicherung der personenbezogenen Daten.<\/p><\/div><\/div><\/div><\/div><\/div><\/div><\/div><\/div><\/div><\/div>\t\t\t\t\t\t\t\t<\/div>\n\t\t\t\t\t<\/div>\n\t\t<\/div>\n\t\t\t\t\t<\/div>\n\t\t<\/section>\n\t\t\t\t<\/div>\n\t\t","protected":false},"excerpt":{"rendered":"<p>Erl\u00e4uterungen zur Stichprobenziehung Wie bekommt das Studienteam der DigiHero-Studie die Adressen der angeschriebenen Einwohnerinnen und Einwohner? Immer wieder erreichen uns Fragen dazu, wie wir die Adressen der von uns angeschriebenen Haushalte bekommen haben. Da uns Ihre Anliegen wichtig sind und wir transparent arbeiten, haben wir hier noch einmal kurz zusammengefasst, \u00fcber welche Wege wir die [&hellip;]<\/p>\n","protected":false},"author":3,"featured_media":0,"parent":0,"menu_order":0,"comment_status":"closed","ping_status":"closed","template":"","meta":{"_acf_changed":false,"footnotes":""},"class_list":["post-2293","page","type-page","status-publish","hentry"],"acf":[],"_links":{"self":[{"href":"https:\/\/webszh.uk-halle.de\/digihero\/wp-json\/wp\/v2\/pages\/2293","targetHints":{"allow":["GET"]}}],"collection":[{"href":"https:\/\/webszh.uk-halle.de\/digihero\/wp-json\/wp\/v2\/pages"}],"about":[{"href":"https:\/\/webszh.uk-halle.de\/digihero\/wp-json\/wp\/v2\/types\/page"}],"author":[{"embeddable":true,"href":"https:\/\/webszh.uk-halle.de\/digihero\/wp-json\/wp\/v2\/users\/3"}],"replies":[{"embeddable":true,"href":"https:\/\/webszh.uk-halle.de\/digihero\/wp-json\/wp\/v2\/comments?post=2293"}],"version-history":[{"count":30,"href":"https:\/\/webszh.uk-halle.de\/digihero\/wp-json\/wp\/v2\/pages\/2293\/revisions"}],"predecessor-version":[{"id":7720,"href":"https:\/\/webszh.uk-halle.de\/digihero\/wp-json\/wp\/v2\/pages\/2293\/revisions\/7720"}],"wp:attachment":[{"href":"https:\/\/webszh.uk-halle.de\/digihero\/wp-json\/wp\/v2\/media?parent=2293"}],"curies":[{"name":"wp","href":"https:\/\/api.w.org\/{rel}","templated":true}]}}