{"id":603,"date":"2021-09-29T08:30:05","date_gmt":"2021-09-29T08:30:05","guid":{"rendered":"https:\/\/webszh.uk-halle.de\/carla-studie\/?page_id=603"},"modified":"2023-06-19T14:12:35","modified_gmt":"2023-06-19T14:12:35","slug":"daten-beantragen","status":"publish","type":"page","link":"https:\/\/webszh.uk-halle.de\/carla-studie\/index.php\/daten-beantragen\/","title":{"rendered":"Daten beantragen"},"content":{"rendered":"\t\t<div data-elementor-type=\"wp-page\" data-elementor-id=\"603\" class=\"elementor elementor-603\">\n\t\t\t\t\t\t<div class=\"elementor-inner\">\n\t\t\t\t<div class=\"elementor-section-wrap\">\n\t\t\t\t\t\t\t\t\t<section class=\"elementor-section elementor-top-section elementor-element elementor-element-ffeb949 elementor-section-full_width elementor-section-height-default elementor-section-height-default\" data-id=\"ffeb949\" data-element_type=\"section\" data-settings=\"{&quot;background_background&quot;:&quot;classic&quot;}\">\n\t\t\t\t\t\t\t<div class=\"elementor-background-overlay\"><\/div>\n\t\t\t\t\t\t\t<div class=\"elementor-container elementor-column-gap-default\">\n\t\t\t\t\t\t\t<div class=\"elementor-row\">\n\t\t\t\t\t<div class=\"elementor-column elementor-col-100 elementor-top-column elementor-element elementor-element-bfb4d78\" data-id=\"bfb4d78\" data-element_type=\"column\">\n\t\t\t<div class=\"elementor-column-wrap elementor-element-populated\">\n\t\t\t\t\t\t\t<div class=\"elementor-widget-wrap\">\n\t\t\t\t\t\t<div class=\"elementor-element elementor-element-a323033 elementor-widget elementor-widget-heading\" data-id=\"a323033\" data-element_type=\"widget\" data-widget_type=\"heading.default\">\n\t\t\t\t<div class=\"elementor-widget-container\">\n\t\t\t<h2 class=\"elementor-heading-title elementor-size-default\">Daten beantragen<\/h2>\t\t<\/div>\n\t\t\t\t<\/div>\n\t\t\t\t\t\t<\/div>\n\t\t\t\t\t<\/div>\n\t\t<\/div>\n\t\t\t\t\t\t\t\t<\/div>\n\t\t\t\t\t<\/div>\n\t\t<\/section>\n\t\t\t\t<section class=\"elementor-section elementor-top-section elementor-element elementor-element-d8e51be elementor-section-boxed elementor-section-height-default elementor-section-height-default\" data-id=\"d8e51be\" data-element_type=\"section\">\n\t\t\t\t\t\t<div class=\"elementor-container elementor-column-gap-default\">\n\t\t\t\t\t\t\t<div class=\"elementor-row\">\n\t\t\t\t\t<div class=\"elementor-column elementor-col-50 elementor-top-column elementor-element elementor-element-d654a95\" data-id=\"d654a95\" data-element_type=\"column\">\n\t\t\t<div class=\"elementor-column-wrap elementor-element-populated\">\n\t\t\t\t\t\t\t<div class=\"elementor-widget-wrap\">\n\t\t\t\t\t\t<div class=\"elementor-element elementor-element-403d056 elementor-widget elementor-widget-spacer\" data-id=\"403d056\" data-element_type=\"widget\" data-widget_type=\"spacer.default\">\n\t\t\t\t<div class=\"elementor-widget-container\">\n\t\t\t\t\t<div class=\"elementor-spacer\">\n\t\t\t<div class=\"elementor-spacer-inner\"><\/div>\n\t\t<\/div>\n\t\t\t\t<\/div>\n\t\t\t\t<\/div>\n\t\t\t\t<section class=\"elementor-section elementor-inner-section elementor-element elementor-element-d4086fc elementor-section-boxed elementor-section-height-default elementor-section-height-default\" data-id=\"d4086fc\" data-element_type=\"section\">\n\t\t\t\t\t\t<div class=\"elementor-container elementor-column-gap-default\">\n\t\t\t\t\t\t\t<div class=\"elementor-row\">\n\t\t\t\t\t<div class=\"elementor-column elementor-col-100 elementor-inner-column elementor-element elementor-element-5dcc24e\" data-id=\"5dcc24e\" data-element_type=\"column\">\n\t\t\t<div class=\"elementor-column-wrap elementor-element-populated\">\n\t\t\t\t\t\t\t<div class=\"elementor-widget-wrap\">\n\t\t\t\t\t\t<div class=\"elementor-element elementor-element-85385e4 elementor-widget elementor-widget-heading\" data-id=\"85385e4\" data-element_type=\"widget\" data-widget_type=\"heading.default\">\n\t\t\t\t<div class=\"elementor-widget-container\">\n\t\t\t<h4 class=\"elementor-heading-title elementor-size-default\">Datennutzung<\/h4>\t\t<\/div>\n\t\t\t\t<\/div>\n\t\t\t\t<div class=\"elementor-element elementor-element-cbcfb59 elementor-widget elementor-widget-text-editor\" data-id=\"cbcfb59\" data-element_type=\"widget\" data-widget_type=\"text-editor.default\">\n\t\t\t\t<div class=\"elementor-widget-container\">\n\t\t\t\t\t\t\t\t<div class=\"elementor-text-editor elementor-clearfix\">\n\t\t\t\t<p>\u00a0Die M\u00f6glichkeiten der Nutzung von Daten aus CARLA sind in der <a href=\"https:\/\/webszh.uk-halle.de\/carla-studie\/wp-content\/uploads\/2022\/02\/Steuergremium_CARLA_GOVereinbarungen_2019.pdf\">&#8222;Gesch\u00e4ftsordnung der CARLA-Studie&#8220;<\/a> beschrieben.\u00a0<\/p>\t\t\t\t\t<\/div>\n\t\t\t\t\t\t<\/div>\n\t\t\t\t<\/div>\n\t\t\t\t<div class=\"elementor-element elementor-element-158d4d3 elementor-widget elementor-widget-heading\" data-id=\"158d4d3\" data-element_type=\"widget\" data-widget_type=\"heading.default\">\n\t\t\t\t<div class=\"elementor-widget-container\">\n\t\t\t<h4 class=\"elementor-heading-title elementor-size-default\">Datennutzungsantrag<\/h4>\t\t<\/div>\n\t\t\t\t<\/div>\n\t\t\t\t<div class=\"elementor-element elementor-element-909247a elementor-widget elementor-widget-text-editor\" data-id=\"909247a\" data-element_type=\"widget\" data-widget_type=\"text-editor.default\">\n\t\t\t\t<div class=\"elementor-widget-container\">\n\t\t\t\t\t\t\t\t<div class=\"elementor-text-editor elementor-clearfix\">\n\t\t\t\t<p>Zus\u00e4tzlich zum Formular rechts steht auch ein vollst\u00e4ndiger <a href=\"https:\/\/webszh.uk-halle.de\/carla-studie\/wp-content\/uploads\/2023\/06\/Projektanfrage_CARLA_V2019_II.docx\" target=\"_blank\" rel=\"noopener\">Datennutzungsantrag<\/a> zur Verf\u00fcgung.<\/p><p>Der Antrag kann per Mail an: <a href=\"mailto:carlastudie@uk-halle.de\">carlastudie@uk-halle.de<\/a> \u00fcbermittelt werden.<\/p>\t\t\t\t\t<\/div>\n\t\t\t\t\t\t<\/div>\n\t\t\t\t<\/div>\n\t\t\t\t<div class=\"elementor-element elementor-element-47884ac elementor-widget elementor-widget-heading\" data-id=\"47884ac\" data-element_type=\"widget\" data-widget_type=\"heading.default\">\n\t\t\t\t<div class=\"elementor-widget-container\">\n\t\t\t<h4 class=\"elementor-heading-title elementor-size-default\">Stand der Datenaufbereitung<\/h4>\t\t<\/div>\n\t\t\t\t<\/div>\n\t\t\t\t<div class=\"elementor-element elementor-element-7bc2b3a elementor-widget elementor-widget-text-editor\" data-id=\"7bc2b3a\" data-element_type=\"widget\" data-widget_type=\"text-editor.default\">\n\t\t\t\t<div class=\"elementor-widget-container\">\n\t\t\t\t\t\t\t\t<div class=\"elementor-text-editor elementor-clearfix\">\n\t\t\t\t<p><b style=\"color: var( --e-global-color-text ); font-family: var( --e-global-typography-text-font-family ), Sans-serif; font-size: 1rem;\"><span style=\"mso-bidi-font-size: 9.0pt; font-family: 'Arial',sans-serif; mso-fareast-font-family: 'Times New Roman'; mso-ansi-language: DE;\">CARLA-0<\/span><\/b><span style=\"color: var( --e-global-color-text ); font-weight: var( --e-global-typography-text-font-weight ); font-size: 1rem; font-family: Arial, sans-serif;\">,\u00a0<b>CARLA-1, CARLA-2:<\/b><\/span><span style=\"color: var( --e-global-color-text ); font-weight: var( --e-global-typography-text-font-weight ); font-size: 1rem; font-family: Arial, sans-serif;\"><b>\u00a0<\/b><\/span><\/p><p><span style=\"font-family: Arial, sans-serif; color: var( --e-global-color-text ); font-weight: var( --e-global-typography-text-font-weight ); font-size: 1rem;\">Daten stehen vollst\u00e4ndig zur Verf\u00fcgung<\/span><\/p>\t\t\t\t\t<\/div>\n\t\t\t\t\t\t<\/div>\n\t\t\t\t<\/div>\n\t\t\t\t<div class=\"elementor-element elementor-element-8c445b3 elementor-widget elementor-widget-text-editor\" data-id=\"8c445b3\" data-element_type=\"widget\" data-widget_type=\"text-editor.default\">\n\t\t\t\t<div class=\"elementor-widget-container\">\n\t\t\t\t\t\t\t\t<div class=\"elementor-text-editor elementor-clearfix\">\n\t\t\t\t<p><b style=\"color: var( --e-global-color-text ); font-family: var( --e-global-typography-text-font-family ), Sans-serif; font-size: 1rem;\"><span style=\"mso-bidi-font-size: 9.0pt; font-family: 'Arial',sans-serif; mso-fareast-font-family: 'Times New Roman'; mso-ansi-language: DE;\">CARLA-3:\u00a0<\/span><\/b><\/p><p><span style=\"color: var( --e-global-color-text ); font-weight: var( --e-global-typography-text-font-weight ); font-size: 1rem; font-family: Arial, sans-serif;\">Daten\u00a0<\/span><span style=\"color: var( --e-global-color-text ); font-weight: var( --e-global-typography-text-font-weight ); font-size: 1rem; font-family: Arial, sans-serif;\">stehen nach Studienende voraussichtlich <strong>ab Ende 2023<\/strong> zur Verf\u00fcgung<\/span><\/p>\t\t\t\t\t<\/div>\n\t\t\t\t\t\t<\/div>\n\t\t\t\t<\/div>\n\t\t\t\t\t\t<\/div>\n\t\t\t\t\t<\/div>\n\t\t<\/div>\n\t\t\t\t\t\t\t\t<\/div>\n\t\t\t\t\t<\/div>\n\t\t<\/section>\n\t\t\t\t\t\t<\/div>\n\t\t\t\t\t<\/div>\n\t\t<\/div>\n\t\t\t\t<div class=\"elementor-column elementor-col-50 elementor-top-column elementor-element elementor-element-94c5189\" data-id=\"94c5189\" data-element_type=\"column\">\n\t\t\t<div class=\"elementor-column-wrap elementor-element-populated\">\n\t\t\t\t\t\t\t<div class=\"elementor-widget-wrap\">\n\t\t\t\t\t\t<div class=\"elementor-element elementor-element-351eb6e elementor-widget elementor-widget-heading\" data-id=\"351eb6e\" data-element_type=\"widget\" data-widget_type=\"heading.default\">\n\t\t\t\t<div class=\"elementor-widget-container\">\n\t\t\t<h4 class=\"elementor-heading-title elementor-size-default\">Daten-\/ Probennutzungsantrag<\/h4>\t\t<\/div>\n\t\t\t\t<\/div>\n\t\t\t\t<div class=\"elementor-element elementor-element-4f28fed elementor-button-align-center elementor-widget elementor-widget-form\" data-id=\"4f28fed\" data-element_type=\"widget\" data-settings=\"{&quot;step_next_label&quot;:&quot;Next&quot;,&quot;step_previous_label&quot;:&quot;Previous&quot;,&quot;button_width&quot;:&quot;100&quot;,&quot;step_type&quot;:&quot;number_text&quot;,&quot;step_icon_shape&quot;:&quot;circle&quot;}\" data-widget_type=\"form.default\">\n\t\t\t\t<div class=\"elementor-widget-container\">\n\t\t\t\t\t<form class=\"elementor-form\" method=\"post\" name=\"Datenbeantragung CARLA-Studie\">\n\t\t\t<input type=\"hidden\" name=\"post_id\" value=\"603\"\/>\n\t\t\t<input type=\"hidden\" name=\"form_id\" value=\"4f28fed\"\/>\n\t\t\t<input type=\"hidden\" name=\"referer_title\" value=\"\" \/>\n\n\t\t\t\n\t\t\t<div class=\"elementor-form-fields-wrapper elementor-labels-above\">\n\t\t\t\t\t\t\t\t<div class=\"elementor-field-type-text elementor-field-group elementor-column elementor-field-group-name elementor-col-100 elementor-field-required elementor-mark-required\">\n\t\t\t\t\t<label for=\"form-field-name\" class=\"elementor-field-label\">Name<\/label><input size=\"1\" type=\"text\" name=\"form_fields[name]\" id=\"form-field-name\" class=\"elementor-field elementor-size-sm  elementor-field-textual\" placeholder=\"Name\" required=\"required\" aria-required=\"true\">\t\t\t\t<\/div>\n\t\t\t\t\t\t\t\t<div class=\"elementor-field-type-textarea elementor-field-group elementor-column elementor-field-group-field_12ac7bd elementor-col-40 elementor-field-required elementor-mark-required\">\n\t\t\t\t\t<label for=\"form-field-field_12ac7bd\" class=\"elementor-field-label\">Institution<\/label><textarea class=\"elementor-field-textual elementor-field  elementor-size-sm\" name=\"form_fields[field_12ac7bd]\" id=\"form-field-field_12ac7bd\" rows=\"4\" placeholder=\"Institution\" required=\"required\" aria-required=\"true\"><\/textarea>\t\t\t\t<\/div>\n\t\t\t\t\t\t\t\t<div class=\"elementor-field-type-textarea elementor-field-group elementor-column elementor-field-group-field_2db06b5 elementor-col-60 elementor-field-required elementor-mark-required\">\n\t\t\t\t\t<label for=\"form-field-field_2db06b5\" class=\"elementor-field-label\">Adresse<\/label><textarea class=\"elementor-field-textual elementor-field  elementor-size-sm\" name=\"form_fields[field_2db06b5]\" id=\"form-field-field_2db06b5\" rows=\"4\" placeholder=\"Adresse\" required=\"required\" aria-required=\"true\"><\/textarea>\t\t\t\t<\/div>\n\t\t\t\t\t\t\t\t<div class=\"elementor-field-type-email elementor-field-group elementor-column elementor-field-group-field_b6bc710 elementor-col-100 elementor-field-required elementor-mark-required\">\n\t\t\t\t\t<label for=\"form-field-field_b6bc710\" class=\"elementor-field-label\">E-Mail (dienstlich)<\/label><input size=\"1\" type=\"email\" name=\"form_fields[field_b6bc710]\" id=\"form-field-field_b6bc710\" class=\"elementor-field elementor-size-sm  elementor-field-textual\" placeholder=\"E-Mail (dienstlich)\" required=\"required\" aria-required=\"true\">\t\t\t\t<\/div>\n\t\t\t\t\t\t\t\t<div class=\"elementor-field-type-textarea elementor-field-group elementor-column elementor-field-group-message elementor-col-100 elementor-field-required elementor-mark-required\">\n\t\t\t\t\t<label for=\"form-field-message\" class=\"elementor-field-label\">Projektbeschreibung<\/label><textarea class=\"elementor-field-textual elementor-field  elementor-size-sm\" name=\"form_fields[message]\" id=\"form-field-message\" rows=\"4\" placeholder=\"Projektbeschreibung\" required=\"required\" aria-required=\"true\"><\/textarea>\t\t\t\t<\/div>\n\t\t\t\t\t\t\t\t<div class=\"elementor-field-type-checkbox elementor-field-group elementor-column elementor-field-group-field_690d8ca elementor-col-60\">\n\t\t\t\t\t<label for=\"form-field-field_690d8ca\" class=\"elementor-field-label\">Werden Proben ben\u00f6tigt?<\/label><div class=\"elementor-field-subgroup  elementor-subgroup-inline\"><span class=\"elementor-field-option\"><input type=\"checkbox\" value=\" need_sample\" id=\"form-field-field_690d8ca-0\" name=\"form_fields[field_690d8ca][]\"> <label for=\"form-field-field_690d8ca-0\">Ja <\/label><\/span><span class=\"elementor-field-option\"><input type=\"checkbox\" value=\" need_sample\" id=\"form-field-field_690d8ca-1\" name=\"form_fields[field_690d8ca][]\"> <label for=\"form-field-field_690d8ca-1\">Nein  <\/label><\/span><\/div>\t\t\t\t<\/div>\n\t\t\t\t\t\t\t\t<div class=\"elementor-field-type-checkbox elementor-field-group elementor-column elementor-field-group-field_b479fb9 elementor-col-40\">\n\t\t\t\t\t<label for=\"form-field-field_b479fb9\" class=\"elementor-field-label\">Proben aus:<\/label><div class=\"elementor-field-subgroup  elementor-subgroup-inline\"><span class=\"elementor-field-option\"><input type=\"checkbox\" value=\"CARLA-0\" id=\"form-field-field_b479fb9-0\" name=\"form_fields[field_b479fb9][]\"> <label for=\"form-field-field_b479fb9-0\">CARLA-0<\/label><\/span><span class=\"elementor-field-option\"><input type=\"checkbox\" value=\"CARLA-1\" id=\"form-field-field_b479fb9-1\" name=\"form_fields[field_b479fb9][]\"> <label for=\"form-field-field_b479fb9-1\">CARLA-1<\/label><\/span><span class=\"elementor-field-option\"><input type=\"checkbox\" value=\"CARLA-3\" id=\"form-field-field_b479fb9-2\" name=\"form_fields[field_b479fb9][]\"> <label for=\"form-field-field_b479fb9-2\">CARLA-3<\/label><\/span><\/div>\t\t\t\t<\/div>\n\t\t\t\t\t\t\t\t<div class=\"elementor-field-type-text elementor-field-group elementor-column elementor-field-group-field_55f15bf elementor-col-50\">\n\t\t\t\t\t<label for=\"form-field-field_55f15bf\" class=\"elementor-field-label\">Probenart<\/label><input size=\"1\" type=\"text\" name=\"form_fields[field_55f15bf]\" id=\"form-field-field_55f15bf\" class=\"elementor-field elementor-size-sm  elementor-field-textual\" placeholder=\"Probenart\">\t\t\t\t<\/div>\n\t\t\t\t\t\t\t\t<div class=\"elementor-field-group elementor-column elementor-field-type-submit elementor-col-100 e-form__buttons\">\n\t\t\t\t\t<button type=\"submit\" class=\"elementor-button elementor-size-md\">\n\t\t\t\t\t\t<span >\n\t\t\t\t\t\t\t\t\t\t\t\t\t\t\t<span class=\"elementor-align-icon-left elementor-button-icon\">\n\t\t\t\t\t\t\t\t\t<i aria-hidden=\"true\" class=\"far fa-envelope\"><\/i>\t\t\t\t\t\t\t\t\t\t\t\t\t\t\t\t\t<\/span>\n\t\t\t\t\t\t\t\t\t\t\t\t\t\t\t\t\t\t\t\t\t\t<span class=\"elementor-button-text\">Anfrage senden<\/span>\n\t\t\t\t\t\t\t\t\t\t\t\t\t<\/span>\n\t\t\t\t\t<\/button>\n\t\t\t\t<\/div>\n\t\t\t<\/div>\n\t\t<\/form>\n\t\t\t\t<\/div>\n\t\t\t\t<\/div>\n\t\t\t\t\t\t<\/div>\n\t\t\t\t\t<\/div>\n\t\t<\/div>\n\t\t\t\t\t\t\t\t<\/div>\n\t\t\t\t\t<\/div>\n\t\t<\/section>\n\t\t\t\t\t\t\t\t\t<\/div>\n\t\t\t<\/div>\n\t\t\t\t\t<\/div>\n\t\t","protected":false},"excerpt":{"rendered":"<p>Daten beantragen Datennutzung \u00a0Die M\u00f6glichkeiten der Nutzung von Daten aus CARLA sind in der &#8222;Gesch\u00e4ftsordnung der CARLA-Studie&#8220; beschrieben.\u00a0 Datennutzungsantrag Zus\u00e4tzlich zum Formular rechts steht auch ein vollst\u00e4ndiger Datennutzungsantrag zur Verf\u00fcgung. Der Antrag kann per Mail an: carlastudie@uk-halle.de \u00fcbermittelt werden. Stand der Datenaufbereitung CARLA-0,\u00a0CARLA-1, CARLA-2:\u00a0 Daten stehen vollst\u00e4ndig zur Verf\u00fcgung CARLA-3:\u00a0 Daten\u00a0stehen nach Studienende voraussichtlich ab [&hellip;]<\/p>\n","protected":false},"author":4,"featured_media":0,"parent":0,"menu_order":0,"comment_status":"closed","ping_status":"closed","template":"","meta":{"footnotes":""},"class_list":["post-603","page","type-page","status-publish","hentry"],"_links":{"self":[{"href":"https:\/\/webszh.uk-halle.de\/carla-studie\/index.php\/wp-json\/wp\/v2\/pages\/603","targetHints":{"allow":["GET"]}}],"collection":[{"href":"https:\/\/webszh.uk-halle.de\/carla-studie\/index.php\/wp-json\/wp\/v2\/pages"}],"about":[{"href":"https:\/\/webszh.uk-halle.de\/carla-studie\/index.php\/wp-json\/wp\/v2\/types\/page"}],"author":[{"embeddable":true,"href":"https:\/\/webszh.uk-halle.de\/carla-studie\/index.php\/wp-json\/wp\/v2\/users\/4"}],"replies":[{"embeddable":true,"href":"https:\/\/webszh.uk-halle.de\/carla-studie\/index.php\/wp-json\/wp\/v2\/comments?post=603"}],"version-history":[{"count":88,"href":"https:\/\/webszh.uk-halle.de\/carla-studie\/index.php\/wp-json\/wp\/v2\/pages\/603\/revisions"}],"predecessor-version":[{"id":2231,"href":"https:\/\/webszh.uk-halle.de\/carla-studie\/index.php\/wp-json\/wp\/v2\/pages\/603\/revisions\/2231"}],"wp:attachment":[{"href":"https:\/\/webszh.uk-halle.de\/carla-studie\/index.php\/wp-json\/wp\/v2\/media?parent=603"}],"curies":[{"name":"wp","href":"https:\/\/api.w.org\/{rel}","templated":true}]}}