{"id":301,"date":"2021-09-12T21:59:48","date_gmt":"2021-09-12T21:59:48","guid":{"rendered":"https:\/\/webszh.uk-halle.de\/carla-studie\/?page_id=301"},"modified":"2022-12-21T22:59:12","modified_gmt":"2022-12-21T22:59:12","slug":"hintergruende-2","status":"publish","type":"page","link":"https:\/\/webszh.uk-halle.de\/carla-studie\/index.php\/hintergruende-2\/","title":{"rendered":"Hintergr\u00fcnde_neu"},"content":{"rendered":"\t\t<div data-elementor-type=\"wp-page\" data-elementor-id=\"301\" class=\"elementor elementor-301\">\n\t\t\t\t\t\t<div class=\"elementor-inner\">\n\t\t\t\t<div class=\"elementor-section-wrap\">\n\t\t\t\t\t\t\t\t\t<section class=\"elementor-section elementor-top-section elementor-element elementor-element-64386d5 elementor-section-full_width elementor-section-height-default elementor-section-height-default\" data-id=\"64386d5\" data-element_type=\"section\" data-settings=\"{&quot;background_background&quot;:&quot;classic&quot;}\">\n\t\t\t\t\t\t\t<div class=\"elementor-background-overlay\"><\/div>\n\t\t\t\t\t\t\t<div class=\"elementor-container elementor-column-gap-default\">\n\t\t\t\t\t\t\t<div class=\"elementor-row\">\n\t\t\t\t\t<div class=\"elementor-column elementor-col-100 elementor-top-column elementor-element elementor-element-ac2a6b9\" data-id=\"ac2a6b9\" data-element_type=\"column\">\n\t\t\t<div class=\"elementor-column-wrap elementor-element-populated\">\n\t\t\t\t\t\t\t<div class=\"elementor-widget-wrap\">\n\t\t\t\t\t\t<div class=\"elementor-element elementor-element-d6e8e30 elementor-widget elementor-widget-heading\" data-id=\"d6e8e30\" data-element_type=\"widget\" data-widget_type=\"heading.default\">\n\t\t\t\t<div class=\"elementor-widget-container\">\n\t\t\t<h2 class=\"elementor-heading-title elementor-size-default\">Hintergr\u00fcnde<\/h2>\t\t<\/div>\n\t\t\t\t<\/div>\n\t\t\t\t\t\t<\/div>\n\t\t\t\t\t<\/div>\n\t\t<\/div>\n\t\t\t\t\t\t\t\t<\/div>\n\t\t\t\t\t<\/div>\n\t\t<\/section>\n\t\t\t\t<section class=\"elementor-section elementor-top-section elementor-element elementor-element-d5de724 elementor-section-boxed elementor-section-height-default elementor-section-height-default\" data-id=\"d5de724\" data-element_type=\"section\">\n\t\t\t\t\t\t<div class=\"elementor-container elementor-column-gap-default\">\n\t\t\t\t\t\t\t<div class=\"elementor-row\">\n\t\t\t\t\t<div class=\"elementor-column elementor-col-100 elementor-top-column elementor-element elementor-element-a2f959f\" data-id=\"a2f959f\" data-element_type=\"column\" data-settings=\"{&quot;background_background&quot;:&quot;classic&quot;}\">\n\t\t\t<div class=\"elementor-column-wrap elementor-element-populated\">\n\t\t\t\t\t\t\t<div class=\"elementor-widget-wrap\">\n\t\t\t\t\t\t<section class=\"elementor-section elementor-inner-section elementor-element elementor-element-590afba elementor-section-boxed elementor-section-height-default elementor-section-height-default\" data-id=\"590afba\" data-element_type=\"section\">\n\t\t\t\t\t\t<div class=\"elementor-container elementor-column-gap-default\">\n\t\t\t\t\t\t\t<div class=\"elementor-row\">\n\t\t\t\t\t<div class=\"elementor-column elementor-col-50 elementor-inner-column elementor-element elementor-element-708bff2\" data-id=\"708bff2\" data-element_type=\"column\">\n\t\t\t<div class=\"elementor-column-wrap elementor-element-populated\">\n\t\t\t\t\t\t\t<div class=\"elementor-widget-wrap\">\n\t\t\t\t\t\t<div class=\"elementor-element elementor-element-a4a4b22 elementor-widget elementor-widget-image\" data-id=\"a4a4b22\" data-element_type=\"widget\" data-widget_type=\"image.default\">\n\t\t\t\t<div class=\"elementor-widget-container\">\n\t\t\t\t\t\t\t\t<div class=\"elementor-image\">\n\t\t\t\t\t\t\t\t\t\t\t\t<img loading=\"lazy\" decoding=\"async\" width=\"387\" height=\"374\" src=\"https:\/\/webszh.uk-halle.de\/carla-studie\/wp-content\/uploads\/2021\/09\/CARLA_Logo_weiss_klein.jpg\" class=\"attachment-medium_large size-medium_large\" alt=\"\" srcset=\"https:\/\/webszh.uk-halle.de\/carla-studie\/wp-content\/uploads\/2021\/09\/CARLA_Logo_weiss_klein.jpg 387w, https:\/\/webszh.uk-halle.de\/carla-studie\/wp-content\/uploads\/2021\/09\/CARLA_Logo_weiss_klein-300x290.jpg 300w\" sizes=\"auto, (max-width: 387px) 100vw, 387px\" \/>\t\t\t\t\t\t\t\t\t\t\t\t\t\t<\/div>\n\t\t\t\t\t\t<\/div>\n\t\t\t\t<\/div>\n\t\t\t\t\t\t<\/div>\n\t\t\t\t\t<\/div>\n\t\t<\/div>\n\t\t\t\t<div class=\"elementor-column elementor-col-50 elementor-inner-column elementor-element elementor-element-e8e9e09\" data-id=\"e8e9e09\" data-element_type=\"column\">\n\t\t\t<div class=\"elementor-column-wrap elementor-element-populated\">\n\t\t\t\t\t\t\t<div class=\"elementor-widget-wrap\">\n\t\t\t\t\t\t<div class=\"elementor-element elementor-element-01f45be elementor-widget elementor-widget-text-editor\" data-id=\"01f45be\" data-element_type=\"widget\" data-widget_type=\"text-editor.default\">\n\t\t\t\t<div class=\"elementor-widget-container\">\n\t\t\t\t\t\t\t\t<div class=\"elementor-text-editor elementor-clearfix\">\n\t\t\t\t<p>\u00a0<\/p><p><span style=\"color: var( --e-global-color-text ); font-family: var( --e-global-typography-text-font-family ), Sans-serif; font-weight: var( --e-global-typography-text-font-weight ); font-size: 1rem;\">Die CARLA-Studie ist eine bev\u00f6lkerungsbezogene, herzkreislauf-epidemiologische Kohortenstudie, die eine repr\u00e4sentative Stichprobe der EinwohnerInnen der Stadt Halle (Saale) untersucht. Insgesamt haben zum Zeitpunkt der Basisuntersuchung von Dezember\u00a0<\/span><span style=\"color: var( --e-global-color-text ); font-family: var( --e-global-typography-text-font-family ), Sans-serif; font-weight: var( --e-global-typography-text-font-weight ); font-size: 1rem;\">2002 bis Januar 2006 genau<\/span><span style=\"color: var( --e-global-color-text ); font-family: var( --e-global-typography-text-font-family ), Sans-serif; font-weight: var( --e-global-typography-text-font-weight ); font-size: 1rem;\">\u00a01779 M\u00e4nner und Frauen im Alter von 45-83 Jahren teilgenommen.<\/span><\/p><p><span style=\"color: var( --e-global-color-text ); font-family: var( --e-global-typography-text-font-family ), Sans-serif; font-weight: var( --e-global-typography-text-font-weight ); font-size: 1rem;\">Ziel der Studie ist die Erfassung der Herz-Kreislauf-Morbidit\u00e4t und \u2013Mortalit\u00e4t sowie assoziierter Risikofaktoren und prognostischer Faktoren in der \u00e4lteren Allgemeinbev\u00f6lkerung mittels eines umfangreichen Untersuchungsprogramms und Interviews. Ein besonderes Augenmerk liegt dabei auf der Herzfrequenzvariabilit\u00e4t.<\/span><\/p>\t\t\t\t\t<\/div>\n\t\t\t\t\t\t<\/div>\n\t\t\t\t<\/div>\n\t\t\t\t\t\t<\/div>\n\t\t\t\t\t<\/div>\n\t\t<\/div>\n\t\t\t\t\t\t\t\t<\/div>\n\t\t\t\t\t<\/div>\n\t\t<\/section>\n\t\t\t\t<section class=\"elementor-section elementor-inner-section elementor-element elementor-element-60a7f47 elementor-section-boxed elementor-section-height-default elementor-section-height-default\" data-id=\"60a7f47\" data-element_type=\"section\">\n\t\t\t\t\t\t<div class=\"elementor-container elementor-column-gap-default\">\n\t\t\t\t\t\t\t<div class=\"elementor-row\">\n\t\t\t\t\t<div class=\"elementor-column elementor-col-50 elementor-inner-column elementor-element elementor-element-22a6287\" data-id=\"22a6287\" data-element_type=\"column\">\n\t\t\t<div class=\"elementor-column-wrap elementor-element-populated\">\n\t\t\t\t\t\t\t<div class=\"elementor-widget-wrap\">\n\t\t\t\t\t\t<div class=\"elementor-element elementor-element-583cead elementor-widget elementor-widget-text-editor\" data-id=\"583cead\" data-element_type=\"widget\" data-widget_type=\"text-editor.default\">\n\t\t\t\t<div class=\"elementor-widget-container\">\n\t\t\t\t\t\t\t\t<div class=\"elementor-text-editor elementor-clearfix\">\n\t\t\t\t<p><span style=\"color: var( --e-global-color-text ); font-family: var( --e-global-typography-text-font-family ), Sans-serif; font-size: 1rem; font-weight: var( --e-global-typography-text-font-weight );\">\u00a0<\/span><\/p><p><span style=\"color: var( --e-global-color-text ); font-family: var( --e-global-typography-text-font-family ), Sans-serif; font-size: 1rem; font-weight: var( --e-global-typography-text-font-weight );\">\u00a0<\/span><\/p><p><span style=\"color: var( --e-global-color-text ); font-family: var( --e-global-typography-text-font-family ), Sans-serif; font-size: 1rem; font-weight: var( --e-global-typography-text-font-weight );\">In den Folgejahren 2007 bis 2010 sowie 2013 fanden jeweils weitere Untersuchungen der TeilnehmerInnen statt. Bereits im urspr\u00fcnglichen Design und in der Einwilligung der ProbandInnen war die Option der Einladung zu einer weiteren Untersuchung verankert.\u00a0<\/span><\/p><p><span style=\"color: var( --e-global-color-text ); font-family: var( --e-global-typography-text-font-family ), Sans-serif; font-size: 1rem; font-weight: var( --e-global-typography-text-font-weight );\">\u00a0<\/span><span style=\"color: var( --e-global-color-text ); font-family: var( --e-global-typography-text-font-family ), Sans-serif; font-weight: var( --e-global-typography-text-font-weight ); font-size: 1rem;\">Mit Hinblick auf die \u00c4nderungen der Gesundheit \u00fcber die Zeit, ist es besonders wertvoll l\u00e4ngere Zeitr\u00e4ume darstellen zu k\u00f6nnen und die Trajektorien der Gesundheitsparameter \u00fcber die Zeit zu betrachten.\u00a0<\/span><\/p><p><span style=\"color: var( --e-global-color-text ); font-family: var( --e-global-typography-text-font-family ), Sans-serif; font-size: 1rem; font-weight: var( --e-global-typography-text-font-weight );\">\u00a0<\/span><\/p><p>\u00a0<\/p>\t\t\t\t\t<\/div>\n\t\t\t\t\t\t<\/div>\n\t\t\t\t<\/div>\n\t\t\t\t\t\t<\/div>\n\t\t\t\t\t<\/div>\n\t\t<\/div>\n\t\t\t\t<div class=\"elementor-column elementor-col-50 elementor-inner-column elementor-element elementor-element-1e02fe2\" data-id=\"1e02fe2\" data-element_type=\"column\">\n\t\t\t<div class=\"elementor-column-wrap elementor-element-populated\">\n\t\t\t\t\t\t\t<div class=\"elementor-widget-wrap\">\n\t\t\t\t\t\t<div class=\"elementor-element elementor-element-2f2024d elementor-widget elementor-widget-image\" data-id=\"2f2024d\" data-element_type=\"widget\" data-widget_type=\"image.default\">\n\t\t\t\t<div class=\"elementor-widget-container\">\n\t\t\t\t\t\t\t\t<div class=\"elementor-image\">\n\t\t\t\t\t\t\t\t\t\t\t\t<img loading=\"lazy\" decoding=\"async\" width=\"768\" height=\"767\" src=\"https:\/\/webszh.uk-halle.de\/carla-studie\/wp-content\/uploads\/2022\/01\/IMEBI_print-12-scaled-e1641909958819-768x767.jpg\" class=\"attachment-medium_large size-medium_large\" alt=\"\" srcset=\"https:\/\/webszh.uk-halle.de\/carla-studie\/wp-content\/uploads\/2022\/01\/IMEBI_print-12-scaled-e1641909958819-768x767.jpg 768w, https:\/\/webszh.uk-halle.de\/carla-studie\/wp-content\/uploads\/2022\/01\/IMEBI_print-12-scaled-e1641909958819-300x300.jpg 300w, https:\/\/webszh.uk-halle.de\/carla-studie\/wp-content\/uploads\/2022\/01\/IMEBI_print-12-scaled-e1641909958819-1024x1024.jpg 1024w, https:\/\/webszh.uk-halle.de\/carla-studie\/wp-content\/uploads\/2022\/01\/IMEBI_print-12-scaled-e1641909958819-150x150.jpg 150w, https:\/\/webszh.uk-halle.de\/carla-studie\/wp-content\/uploads\/2022\/01\/IMEBI_print-12-scaled-e1641909958819.jpg 1536w\" sizes=\"auto, (max-width: 768px) 100vw, 768px\" \/>\t\t\t\t\t\t\t\t\t\t\t\t\t\t<\/div>\n\t\t\t\t\t\t<\/div>\n\t\t\t\t<\/div>\n\t\t\t\t\t\t<\/div>\n\t\t\t\t\t<\/div>\n\t\t<\/div>\n\t\t\t\t\t\t\t\t<\/div>\n\t\t\t\t\t<\/div>\n\t\t<\/section>\n\t\t\t\t<section class=\"elementor-section elementor-inner-section elementor-element elementor-element-be014f8 elementor-section-boxed elementor-section-height-default elementor-section-height-default\" data-id=\"be014f8\" data-element_type=\"section\">\n\t\t\t\t\t\t<div class=\"elementor-container elementor-column-gap-default\">\n\t\t\t\t\t\t\t<div class=\"elementor-row\">\n\t\t\t\t\t<div class=\"elementor-column elementor-col-50 elementor-inner-column elementor-element elementor-element-641530e\" data-id=\"641530e\" data-element_type=\"column\">\n\t\t\t<div class=\"elementor-column-wrap elementor-element-populated\">\n\t\t\t\t\t\t\t<div class=\"elementor-widget-wrap\">\n\t\t\t\t\t\t<div class=\"elementor-element elementor-element-ae1416e elementor-widget elementor-widget-image\" data-id=\"ae1416e\" data-element_type=\"widget\" data-widget_type=\"image.default\">\n\t\t\t\t<div class=\"elementor-widget-container\">\n\t\t\t\t\t\t\t\t<div class=\"elementor-image\">\n\t\t\t\t\t\t\t\t\t\t\t\t<img loading=\"lazy\" decoding=\"async\" width=\"768\" height=\"768\" src=\"https:\/\/webszh.uk-halle.de\/carla-studie\/wp-content\/uploads\/2022\/01\/dirk-ribbler-_2T-ga3gbBw-unsplash-scaled-e1641909748761-768x768.jpg\" class=\"attachment-medium_large size-medium_large\" alt=\"\" srcset=\"https:\/\/webszh.uk-halle.de\/carla-studie\/wp-content\/uploads\/2022\/01\/dirk-ribbler-_2T-ga3gbBw-unsplash-scaled-e1641909748761-768x768.jpg 768w, https:\/\/webszh.uk-halle.de\/carla-studie\/wp-content\/uploads\/2022\/01\/dirk-ribbler-_2T-ga3gbBw-unsplash-scaled-e1641909748761-300x300.jpg 300w, https:\/\/webszh.uk-halle.de\/carla-studie\/wp-content\/uploads\/2022\/01\/dirk-ribbler-_2T-ga3gbBw-unsplash-scaled-e1641909748761-1024x1024.jpg 1024w, https:\/\/webszh.uk-halle.de\/carla-studie\/wp-content\/uploads\/2022\/01\/dirk-ribbler-_2T-ga3gbBw-unsplash-scaled-e1641909748761-150x150.jpg 150w, https:\/\/webszh.uk-halle.de\/carla-studie\/wp-content\/uploads\/2022\/01\/dirk-ribbler-_2T-ga3gbBw-unsplash-scaled-e1641909748761-1536x1536.jpg 1536w, https:\/\/webszh.uk-halle.de\/carla-studie\/wp-content\/uploads\/2022\/01\/dirk-ribbler-_2T-ga3gbBw-unsplash-scaled-e1641909748761.jpg 1707w\" sizes=\"auto, (max-width: 768px) 100vw, 768px\" \/>\t\t\t\t\t\t\t\t\t\t\t\t\t\t<\/div>\n\t\t\t\t\t\t<\/div>\n\t\t\t\t<\/div>\n\t\t\t\t\t\t<\/div>\n\t\t\t\t\t<\/div>\n\t\t<\/div>\n\t\t\t\t<div class=\"elementor-column elementor-col-50 elementor-inner-column elementor-element elementor-element-d9d6962\" data-id=\"d9d6962\" data-element_type=\"column\">\n\t\t\t<div class=\"elementor-column-wrap elementor-element-populated\">\n\t\t\t\t\t\t\t<div class=\"elementor-widget-wrap\">\n\t\t\t\t\t\t<div class=\"elementor-element elementor-element-1ac3c30 elementor-widget elementor-widget-text-editor\" data-id=\"1ac3c30\" data-element_type=\"widget\" data-widget_type=\"text-editor.default\">\n\t\t\t\t<div class=\"elementor-widget-container\">\n\t\t\t\t\t\t\t\t<div class=\"elementor-text-editor elementor-clearfix\">\n\t\t\t\t<p>\u00a0<\/p><p><span style=\"color: var( --e-global-color-text ); font-family: var( --e-global-typography-text-font-family ), Sans-serif; font-size: 1rem; font-weight: var( --e-global-typography-text-font-weight );\">\u00a0<\/span><\/p><p><span style=\"color: var( --e-global-color-text ); font-family: var( --e-global-typography-text-font-family ), Sans-serif; font-size: 1rem; font-weight: var( --e-global-typography-text-font-weight );\">\u00a0<\/span><\/p><p><span style=\"color: var( --e-global-color-text ); font-family: var( --e-global-typography-text-font-family ), Sans-serif; font-size: 1rem; font-weight: var( --e-global-typography-text-font-weight );\">\u00a0<\/span><\/p><p><span style=\"color: var( --e-global-color-text ); font-family: var( --e-global-typography-text-font-family ), Sans-serif; font-size: 1rem; font-weight: var( --e-global-typography-text-font-weight );\">Aus diesem Grund findet eine erneute Untersuchung der CARLA-ProbandInnen im Zeitraum zwischen 2020 und 2022 statt.\u00a0<\/span><\/p><p>Der urspr\u00fcngliche Fokus der CARLA auf die Herzkreislauferkrankungen wird dabei um Untersuchungen zu Parametern der Kognition und um Fragestellungen zum gesunden Altern erg\u00e4nzt. Ebenso flie\u00dfen in die Untersuchungen Erfahrungen aus der Nationalen Kohorte (NAKO), sowie moderne Messverfahren ein, die seit der Basisuntersuchung von CARLA (weiter)entwickelt wurden.<\/p>\t\t\t\t\t<\/div>\n\t\t\t\t\t\t<\/div>\n\t\t\t\t<\/div>\n\t\t\t\t\t\t<\/div>\n\t\t\t\t\t<\/div>\n\t\t<\/div>\n\t\t\t\t\t\t\t\t<\/div>\n\t\t\t\t\t<\/div>\n\t\t<\/section>\n\t\t\t\t\t\t<\/div>\n\t\t\t\t\t<\/div>\n\t\t<\/div>\n\t\t\t\t\t\t\t\t<\/div>\n\t\t\t\t\t<\/div>\n\t\t<\/section>\n\t\t\t\t\t\t\t\t\t<\/div>\n\t\t\t<\/div>\n\t\t\t\t\t<\/div>\n\t\t","protected":false},"excerpt":{"rendered":"<p>Hintergr\u00fcnde \u00a0 Die CARLA-Studie ist eine bev\u00f6lkerungsbezogene, herzkreislauf-epidemiologische Kohortenstudie, die eine repr\u00e4sentative Stichprobe der EinwohnerInnen der Stadt Halle (Saale) untersucht. Insgesamt haben zum Zeitpunkt der Basisuntersuchung von Dezember\u00a02002 bis Januar 2006 genau\u00a01779 M\u00e4nner und Frauen im Alter von 45-83 Jahren teilgenommen. Ziel der Studie ist die Erfassung der Herz-Kreislauf-Morbidit\u00e4t und \u2013Mortalit\u00e4t sowie assoziierter Risikofaktoren und [&hellip;]<\/p>\n","protected":false},"author":3,"featured_media":0,"parent":0,"menu_order":0,"comment_status":"closed","ping_status":"closed","template":"","meta":{"footnotes":""},"class_list":["post-301","page","type-page","status-publish","hentry"],"_links":{"self":[{"href":"https:\/\/webszh.uk-halle.de\/carla-studie\/index.php\/wp-json\/wp\/v2\/pages\/301","targetHints":{"allow":["GET"]}}],"collection":[{"href":"https:\/\/webszh.uk-halle.de\/carla-studie\/index.php\/wp-json\/wp\/v2\/pages"}],"about":[{"href":"https:\/\/webszh.uk-halle.de\/carla-studie\/index.php\/wp-json\/wp\/v2\/types\/page"}],"author":[{"embeddable":true,"href":"https:\/\/webszh.uk-halle.de\/carla-studie\/index.php\/wp-json\/wp\/v2\/users\/3"}],"replies":[{"embeddable":true,"href":"https:\/\/webszh.uk-halle.de\/carla-studie\/index.php\/wp-json\/wp\/v2\/comments?post=301"}],"version-history":[{"count":80,"href":"https:\/\/webszh.uk-halle.de\/carla-studie\/index.php\/wp-json\/wp\/v2\/pages\/301\/revisions"}],"predecessor-version":[{"id":2138,"href":"https:\/\/webszh.uk-halle.de\/carla-studie\/index.php\/wp-json\/wp\/v2\/pages\/301\/revisions\/2138"}],"wp:attachment":[{"href":"https:\/\/webszh.uk-halle.de\/carla-studie\/index.php\/wp-json\/wp\/v2\/media?parent=301"}],"curies":[{"name":"wp","href":"https:\/\/api.w.org\/{rel}","templated":true}]}}