{"id":84,"date":"2021-06-30T06:17:36","date_gmt":"2021-06-30T06:17:36","guid":{"rendered":"https:\/\/webszh.uk-halle.de\/beonet\/?page_id=84"},"modified":"2023-02-24T08:47:47","modified_gmt":"2023-02-24T08:47:47","slug":"faq","status":"publish","type":"page","link":"https:\/\/webszh.uk-halle.de\/beonet\/index.php\/faq\/","title":{"rendered":"FAQ"},"content":{"rendered":"\t\t<div data-elementor-type=\"wp-page\" data-elementor-id=\"84\" class=\"elementor elementor-84\">\n\t\t\t\t\t\t\t\t\t<section class=\"elementor-section elementor-top-section elementor-element elementor-element-49dc279 elementor-section-boxed elementor-section-height-default elementor-section-height-default\" data-id=\"49dc279\" data-element_type=\"section\">\n\t\t\t\t\t\t<div class=\"elementor-container elementor-column-gap-default\">\n\t\t\t\t\t<div class=\"elementor-column elementor-col-100 elementor-top-column elementor-element elementor-element-b4d9194\" data-id=\"b4d9194\" data-element_type=\"column\">\n\t\t\t<div class=\"elementor-widget-wrap\">\n\t\t\t\t\t\t\t\t\t<\/div>\n\t\t<\/div>\n\t\t\t\t\t\t\t<\/div>\n\t\t<\/section>\n\t\t\t\t<section class=\"elementor-section elementor-top-section elementor-element elementor-element-5758b163 elementor-section-boxed elementor-section-height-default elementor-section-height-default\" data-id=\"5758b163\" data-element_type=\"section\">\n\t\t\t\t\t\t<div class=\"elementor-container elementor-column-gap-default\">\n\t\t\t\t\t<div class=\"elementor-column elementor-col-100 elementor-top-column elementor-element elementor-element-40c744bc\" data-id=\"40c744bc\" data-element_type=\"column\" data-settings=\"{&quot;background_background&quot;:&quot;classic&quot;}\">\n\t\t\t<div class=\"elementor-widget-wrap elementor-element-populated\">\n\t\t\t\t\t\t\t\t<div class=\"elementor-element elementor-element-4a70b104 elementor-widget elementor-widget-heading\" data-id=\"4a70b104\" data-element_type=\"widget\" data-widget_type=\"heading.default\">\n\t\t\t\t<div class=\"elementor-widget-container\">\n\t\t\t<h2 class=\"elementor-heading-title elementor-size-default\">Allgemeines<\/h2>\t\t<\/div>\n\t\t\t\t<\/div>\n\t\t\t\t<div class=\"elementor-element elementor-element-457d5c2a elementor-widget elementor-widget-accordion\" data-id=\"457d5c2a\" data-element_type=\"widget\" data-widget_type=\"accordion.default\">\n\t\t\t\t<div class=\"elementor-widget-container\">\n\t\t\t\t\t<div class=\"elementor-accordion\">\n\t\t\t\t\t\t\t<div class=\"elementor-accordion-item\">\n\t\t\t\t\t<div id=\"elementor-tab-title-1161\" class=\"elementor-tab-title\" data-tab=\"1\" role=\"button\" aria-controls=\"elementor-tab-content-1161\" aria-expanded=\"false\">\n\t\t\t\t\t\t\t\t\t\t\t\t\t<span class=\"elementor-accordion-icon elementor-accordion-icon-left\" aria-hidden=\"true\">\n\t\t\t\t\t\t\t\t\t\t\t\t\t\t\t<span class=\"elementor-accordion-icon-closed\"><i class=\"fas fa-plus\"><\/i><\/span>\n\t\t\t\t\t\t\t\t<span class=\"elementor-accordion-icon-opened\"><i class=\"fas fa-minus\"><\/i><\/span>\n\t\t\t\t\t\t\t\t\t\t\t\t\t\t<\/span>\n\t\t\t\t\t\t\t\t\t\t\t\t<a class=\"elementor-accordion-title\" tabindex=\"0\">Was ist das Ziel der Studie?<\/a>\n\t\t\t\t\t<\/div>\n\t\t\t\t\t<div id=\"elementor-tab-content-1161\" class=\"elementor-tab-content elementor-clearfix\" data-tab=\"1\" role=\"region\" aria-labelledby=\"elementor-tab-title-1161\"><p>Das BeoNet-Halle verfolgt das Ziel, eine hochwertige Datenbank mit ambulanten Versorgungsdaten von teilnehmenden Arztpraxen zu entwickeln und zu pflegen. Durch die Zusammenf\u00fchrung dieser Daten mit denen aus der Sekund\u00e4rversorgung soll die Versorgungsforschung in Deutschland langfristig unterst\u00fctzt werden.<\/p><\/div>\n\t\t\t\t<\/div>\n\t\t\t\t\t\t\t<div class=\"elementor-accordion-item\">\n\t\t\t\t\t<div id=\"elementor-tab-title-1162\" class=\"elementor-tab-title\" data-tab=\"2\" role=\"button\" aria-controls=\"elementor-tab-content-1162\" aria-expanded=\"false\">\n\t\t\t\t\t\t\t\t\t\t\t\t\t<span class=\"elementor-accordion-icon elementor-accordion-icon-left\" aria-hidden=\"true\">\n\t\t\t\t\t\t\t\t\t\t\t\t\t\t\t<span class=\"elementor-accordion-icon-closed\"><i class=\"fas fa-plus\"><\/i><\/span>\n\t\t\t\t\t\t\t\t<span class=\"elementor-accordion-icon-opened\"><i class=\"fas fa-minus\"><\/i><\/span>\n\t\t\t\t\t\t\t\t\t\t\t\t\t\t<\/span>\n\t\t\t\t\t\t\t\t\t\t\t\t<a class=\"elementor-accordion-title\" tabindex=\"0\">Wer ist zur Teilnahme aufgerufen?<\/a>\n\t\t\t\t\t<\/div>\n\t\t\t\t\t<div id=\"elementor-tab-content-1162\" class=\"elementor-tab-content elementor-clearfix\" data-tab=\"2\" role=\"region\" aria-labelledby=\"elementor-tab-title-1162\"><p>Am Register BeoNet-Halle k\u00f6nnen alle Arztpraxen deutschlandweit teilnehmen.\u00a0<\/p><\/div>\n\t\t\t\t<\/div>\n\t\t\t\t\t\t\t<div class=\"elementor-accordion-item\">\n\t\t\t\t\t<div id=\"elementor-tab-title-1163\" class=\"elementor-tab-title\" data-tab=\"3\" role=\"button\" aria-controls=\"elementor-tab-content-1163\" aria-expanded=\"false\">\n\t\t\t\t\t\t\t\t\t\t\t\t\t<span class=\"elementor-accordion-icon elementor-accordion-icon-left\" aria-hidden=\"true\">\n\t\t\t\t\t\t\t\t\t\t\t\t\t\t\t<span class=\"elementor-accordion-icon-closed\"><i class=\"fas fa-plus\"><\/i><\/span>\n\t\t\t\t\t\t\t\t<span class=\"elementor-accordion-icon-opened\"><i class=\"fas fa-minus\"><\/i><\/span>\n\t\t\t\t\t\t\t\t\t\t\t\t\t\t<\/span>\n\t\t\t\t\t\t\t\t\t\t\t\t<a class=\"elementor-accordion-title\" tabindex=\"0\">Was ist zur Teilnahme notwendig?<\/a>\n\t\t\t\t\t<\/div>\n\t\t\t\t\t<div id=\"elementor-tab-content-1163\" class=\"elementor-tab-content elementor-clearfix\" data-tab=\"3\" role=\"region\" aria-labelledby=\"elementor-tab-title-1163\"><p><strong>Arztpraxen<\/strong>, die am ambulanten Register teilnehmen m\u00f6chten, unterzeichnen eine Kooperationszusage zur Zustimmung zum anonymisierten oder pseudonymisierten Export von Patientendaten.\u00a0<\/p><p><strong>Interessierte Patienten<\/strong> k\u00f6nnen in teilnehmenden Arztpraxen ihre Einwilligung zur Teilnahme am Register erkl\u00e4ren oder ihre behandelnden \u00c4rztinnen und \u00c4rzte auf das Register aufmerksamen machen.\u00a0<\/p><\/div>\n\t\t\t\t<\/div>\n\t\t\t\t\t\t\t<div class=\"elementor-accordion-item\">\n\t\t\t\t\t<div id=\"elementor-tab-title-1164\" class=\"elementor-tab-title\" data-tab=\"4\" role=\"button\" aria-controls=\"elementor-tab-content-1164\" aria-expanded=\"false\">\n\t\t\t\t\t\t\t\t\t\t\t\t\t<span class=\"elementor-accordion-icon elementor-accordion-icon-left\" aria-hidden=\"true\">\n\t\t\t\t\t\t\t\t\t\t\t\t\t\t\t<span class=\"elementor-accordion-icon-closed\"><i class=\"fas fa-plus\"><\/i><\/span>\n\t\t\t\t\t\t\t\t<span class=\"elementor-accordion-icon-opened\"><i class=\"fas fa-minus\"><\/i><\/span>\n\t\t\t\t\t\t\t\t\t\t\t\t\t\t<\/span>\n\t\t\t\t\t\t\t\t\t\t\t\t<a class=\"elementor-accordion-title\" tabindex=\"0\">Wie stellen Sie sicher, dass die empfindliche IT-Infrastruktur meiner Praxis nicht gest\u00f6rt wird?<\/a>\n\t\t\t\t\t<\/div>\n\t\t\t\t\t<div id=\"elementor-tab-content-1164\" class=\"elementor-tab-content elementor-clearfix\" data-tab=\"4\" role=\"region\" aria-labelledby=\"elementor-tab-title-1164\"><p>Wir arbeiten mit einem renommierten Softwareunternehmen zusammen, das seit mehr als 20 Jahren Erfahrung im Bereich des Datenexports aus einer Vielzahl von Praxissoftwaresystemen hat. Es wurden bereits erfolgreich Daten von \u00fcber 60.000 Praxen mit mehr als 100 verschiedenen Praxissoftwaresystemen exportiert.<\/p><p>F\u00fcr den Export wird eine universelle Schnittstelle verwendet, die eine Kopie der Datenbankdateien der Praxissoftware erstellt. Die Konvertierung sowie weitere Exportroutinen (z. B. Datenkonsistenzpr\u00fcfungen und \u00dcberpr\u00fcfungen zur Anonymisierung von Daten) werden auf der Kopie durchgef\u00fchrt. Auf diese Weise bleiben die Datenbankdateien auf dem Server unber\u00fchrt und die empfindliche IT-Infrastruktur wird nicht gest\u00f6rt. Die Exportroutinen werden kontinuierlich weiterentwickelt und an die neuesten Vorgaben der Kassen\u00e4rztlichen Bundesvereinigung angepasst.<\/p><\/div>\n\t\t\t\t<\/div>\n\t\t\t\t\t\t\t<div class=\"elementor-accordion-item\">\n\t\t\t\t\t<div id=\"elementor-tab-title-1165\" class=\"elementor-tab-title\" data-tab=\"5\" role=\"button\" aria-controls=\"elementor-tab-content-1165\" aria-expanded=\"false\">\n\t\t\t\t\t\t\t\t\t\t\t\t\t<span class=\"elementor-accordion-icon elementor-accordion-icon-left\" aria-hidden=\"true\">\n\t\t\t\t\t\t\t\t\t\t\t\t\t\t\t<span class=\"elementor-accordion-icon-closed\"><i class=\"fas fa-plus\"><\/i><\/span>\n\t\t\t\t\t\t\t\t<span class=\"elementor-accordion-icon-opened\"><i class=\"fas fa-minus\"><\/i><\/span>\n\t\t\t\t\t\t\t\t\t\t\t\t\t\t<\/span>\n\t\t\t\t\t\t\t\t\t\t\t\t<a class=\"elementor-accordion-title\" tabindex=\"0\">Gibt es Patientengruppen, die f\u00fcr die Studie von besonderem Interesse sind?<\/a>\n\t\t\t\t\t<\/div>\n\t\t\t\t\t<div id=\"elementor-tab-content-1165\" class=\"elementor-tab-content elementor-clearfix\" data-tab=\"5\" role=\"region\" aria-labelledby=\"elementor-tab-title-1165\"><p>Das Ziel des Projekts ist es, die Versorgungsrealit\u00e4t in Deutschland korrekt abzubilden. Hierf\u00fcr werden s\u00e4mtliche Patientendaten aus teilnehmenden Praxen abh\u00e4ngig vom Einwilligungsstatus (anonymisiert oder pseudonymisiert) in die Datenbank importiert.<\/p><p>Zus\u00e4tzlich besteht die M\u00f6glichkeit zur Teilnahme an Versorgungsstudien, die in der Regel eine bestimmte Patientengruppe einschlie\u00dfen.<\/p><\/div>\n\t\t\t\t<\/div>\n\t\t\t\t\t\t\t<div class=\"elementor-accordion-item\">\n\t\t\t\t\t<div id=\"elementor-tab-title-1166\" class=\"elementor-tab-title\" data-tab=\"6\" role=\"button\" aria-controls=\"elementor-tab-content-1166\" aria-expanded=\"false\">\n\t\t\t\t\t\t\t\t\t\t\t\t\t<span class=\"elementor-accordion-icon elementor-accordion-icon-left\" aria-hidden=\"true\">\n\t\t\t\t\t\t\t\t\t\t\t\t\t\t\t<span class=\"elementor-accordion-icon-closed\"><i class=\"fas fa-plus\"><\/i><\/span>\n\t\t\t\t\t\t\t\t<span class=\"elementor-accordion-icon-opened\"><i class=\"fas fa-minus\"><\/i><\/span>\n\t\t\t\t\t\t\t\t\t\t\t\t\t\t<\/span>\n\t\t\t\t\t\t\t\t\t\t\t\t<a class=\"elementor-accordion-title\" tabindex=\"0\">Wo erhalte ich weitere Informationen zum Projekt?<\/a>\n\t\t\t\t\t<\/div>\n\t\t\t\t\t<div id=\"elementor-tab-content-1166\" class=\"elementor-tab-content elementor-clearfix\" data-tab=\"6\" role=\"region\" aria-labelledby=\"elementor-tab-title-1166\"><p>Sie erhalten weitere Infomaterialien, wenn Sie das entsprechende K\u00e4stchen im Interessensformular ankreuzen. Alternativ k\u00f6nnen Sie uns auch direkt kontaktieren, um weitere Informationen zu erhalten.<\/p><\/div>\n\t\t\t\t<\/div>\n\t\t\t\t\t\t\t<div class=\"elementor-accordion-item\">\n\t\t\t\t\t<div id=\"elementor-tab-title-1167\" class=\"elementor-tab-title\" data-tab=\"7\" role=\"button\" aria-controls=\"elementor-tab-content-1167\" aria-expanded=\"false\">\n\t\t\t\t\t\t\t\t\t\t\t\t\t<span class=\"elementor-accordion-icon elementor-accordion-icon-left\" aria-hidden=\"true\">\n\t\t\t\t\t\t\t\t\t\t\t\t\t\t\t<span class=\"elementor-accordion-icon-closed\"><i class=\"fas fa-plus\"><\/i><\/span>\n\t\t\t\t\t\t\t\t<span class=\"elementor-accordion-icon-opened\"><i class=\"fas fa-minus\"><\/i><\/span>\n\t\t\t\t\t\t\t\t\t\t\t\t\t\t<\/span>\n\t\t\t\t\t\t\t\t\t\t\t\t<a class=\"elementor-accordion-title\" tabindex=\"0\"> Entstehen f\u00fcr mich Kosten durch die Teilnahme an der Studie? Erhalte ich eine Aufwandsentsch\u00e4digung?<\/a>\n\t\t\t\t\t<\/div>\n\t\t\t\t\t<div id=\"elementor-tab-content-1167\" class=\"elementor-tab-content elementor-clearfix\" data-tab=\"7\" role=\"region\" aria-labelledby=\"elementor-tab-title-1167\"><p>F\u00fcr die Praxis entstehen <strong>keinerlei<\/strong> Kosten.<\/p><p>Eine Aufwandsentsch\u00e4digung f\u00fcr teilnehmende Praxen ist vorgesehen, falls diese Patienteneinwilligungen f\u00fcr den pseudonymisierten Export einholen.<\/p><\/div>\n\t\t\t\t<\/div>\n\t\t\t\t\t\t\t<div class=\"elementor-accordion-item\">\n\t\t\t\t\t<div id=\"elementor-tab-title-1168\" class=\"elementor-tab-title\" data-tab=\"8\" role=\"button\" aria-controls=\"elementor-tab-content-1168\" aria-expanded=\"false\">\n\t\t\t\t\t\t\t\t\t\t\t\t\t<span class=\"elementor-accordion-icon elementor-accordion-icon-left\" aria-hidden=\"true\">\n\t\t\t\t\t\t\t\t\t\t\t\t\t\t\t<span class=\"elementor-accordion-icon-closed\"><i class=\"fas fa-plus\"><\/i><\/span>\n\t\t\t\t\t\t\t\t<span class=\"elementor-accordion-icon-opened\"><i class=\"fas fa-minus\"><\/i><\/span>\n\t\t\t\t\t\t\t\t\t\t\t\t\t\t<\/span>\n\t\t\t\t\t\t\t\t\t\t\t\t<a class=\"elementor-accordion-title\" tabindex=\"0\">Welchen pers\u00f6nlichen Nutzen habe ich von der Teilnahme an der Studie?<\/a>\n\t\t\t\t\t<\/div>\n\t\t\t\t\t<div id=\"elementor-tab-content-1168\" class=\"elementor-tab-content elementor-clearfix\" data-tab=\"8\" role=\"region\" aria-labelledby=\"elementor-tab-title-1168\"><p>Als <strong>teilnehmende Praxis<\/strong> profitieren Sie bspw. von regelm\u00e4\u00dfigen Feedback-Berichten auf Basis der von Ihnen zur Verf\u00fcgung gestellten Daten.\u00a0<\/p><p>Als <strong>Patient*in<\/strong> stellen Sie Ihre Patientendaten im Sinne eines breiten Nutzens (&#8222;Broad Consent&#8220;) f\u00fcr die Allgemeinheit f\u00fcr verschiedene medizinische Forschungszwecke zur Verf\u00fcgung. Die medizinische Forschung dient ausschlie\u00dflich dazu, die Erkennung, Behandlung und Vorbeugung von Krankheiten zu verbessern.<\/p><\/div>\n\t\t\t\t<\/div>\n\t\t\t\t\t\t\t<div class=\"elementor-accordion-item\">\n\t\t\t\t\t<div id=\"elementor-tab-title-1169\" class=\"elementor-tab-title\" data-tab=\"9\" role=\"button\" aria-controls=\"elementor-tab-content-1169\" aria-expanded=\"false\">\n\t\t\t\t\t\t\t\t\t\t\t\t\t<span class=\"elementor-accordion-icon elementor-accordion-icon-left\" aria-hidden=\"true\">\n\t\t\t\t\t\t\t\t\t\t\t\t\t\t\t<span class=\"elementor-accordion-icon-closed\"><i class=\"fas fa-plus\"><\/i><\/span>\n\t\t\t\t\t\t\t\t<span class=\"elementor-accordion-icon-opened\"><i class=\"fas fa-minus\"><\/i><\/span>\n\t\t\t\t\t\t\t\t\t\t\t\t\t\t<\/span>\n\t\t\t\t\t\t\t\t\t\t\t\t<a class=\"elementor-accordion-title\" tabindex=\"0\">Was geschieht mit den gewonnenen Daten?<\/a>\n\t\t\t\t\t<\/div>\n\t\t\t\t\t<div id=\"elementor-tab-content-1169\" class=\"elementor-tab-content elementor-clearfix\" data-tab=\"9\" role=\"region\" aria-labelledby=\"elementor-tab-title-1169\"><p>Die gewonnenen anonymisierten oder pseudonymisierten Patientendaten werden f\u00fcr wissenschaftliche Publikationen verwendet. Zudem werden wir uns dar\u00fcber hinaus sehr bem\u00fchen, die Ergebnisse auch in der Gesellschaft bekannt zu machen.\u00a0<\/p><\/div>\n\t\t\t\t<\/div>\n\t\t\t\t\t\t\t<div class=\"elementor-accordion-item\">\n\t\t\t\t\t<div id=\"elementor-tab-title-11610\" class=\"elementor-tab-title\" data-tab=\"10\" role=\"button\" aria-controls=\"elementor-tab-content-11610\" aria-expanded=\"false\">\n\t\t\t\t\t\t\t\t\t\t\t\t\t<span class=\"elementor-accordion-icon elementor-accordion-icon-left\" aria-hidden=\"true\">\n\t\t\t\t\t\t\t\t\t\t\t\t\t\t\t<span class=\"elementor-accordion-icon-closed\"><i class=\"fas fa-plus\"><\/i><\/span>\n\t\t\t\t\t\t\t\t<span class=\"elementor-accordion-icon-opened\"><i class=\"fas fa-minus\"><\/i><\/span>\n\t\t\t\t\t\t\t\t\t\t\t\t\t\t<\/span>\n\t\t\t\t\t\t\t\t\t\t\t\t<a class=\"elementor-accordion-title\" tabindex=\"0\">Was ist der Unterschied zwischen Pseudonymisierung und Anonymisierung?<\/a>\n\t\t\t\t\t<\/div>\n\t\t\t\t\t<div id=\"elementor-tab-content-11610\" class=\"elementor-tab-content elementor-clearfix\" data-tab=\"10\" role=\"region\" aria-labelledby=\"elementor-tab-title-11610\"><p>Die Pseudonymisierung von personenbezogenen Daten bedeutet, dass diese nicht mehr direkt einer spezifischen Person zugeordnet werden k\u00f6nnen, ohne zus\u00e4tzliche Informationen hinzuzuziehen. Im BeoNet-Halle werden anstelle von identifizierenden Informationen wie dem Namen des Patienten, individuelle und eindeutige Kombinationen von Buchstaben und Zahlen als Pseudonyme verwendet. Diese Pseudonyme werden von einer Treuhandstelle generiert, basierend auf den Angaben aus der Einwilligungserkl\u00e4rung. Eine Pseudonymisierung von Patientendaten erfordert die Zustimmung der Patienten und kann jederzeit widerrufen werden. Die Pseudonyme erm\u00f6glichen sp\u00e4ter die Verkn\u00fcpfung von ambulanten und station\u00e4ren Patientendaten.<\/p><p>Im Gegensatz dazu werden bei der Anonymisierung personenbezogene Daten durch L\u00f6schung, Ersatz oder Verallgemeinerung so modifiziert, dass sie nicht mehr auf eine bestimmte Person zur\u00fcckzuf\u00fchren sind. Anonymisierte Patientendaten bed\u00fcrfen keiner Einwilligung, lassen sich aber auch nicht \u00fcber mehrere Versorger hinweg miteinander verkn\u00fcpfen.<\/p><\/div>\n\t\t\t\t<\/div>\n\t\t\t\t\t\t\t<div class=\"elementor-accordion-item\">\n\t\t\t\t\t<div id=\"elementor-tab-title-11611\" class=\"elementor-tab-title\" data-tab=\"11\" role=\"button\" aria-controls=\"elementor-tab-content-11611\" aria-expanded=\"false\">\n\t\t\t\t\t\t\t\t\t\t\t\t\t<span class=\"elementor-accordion-icon elementor-accordion-icon-left\" aria-hidden=\"true\">\n\t\t\t\t\t\t\t\t\t\t\t\t\t\t\t<span class=\"elementor-accordion-icon-closed\"><i class=\"fas fa-plus\"><\/i><\/span>\n\t\t\t\t\t\t\t\t<span class=\"elementor-accordion-icon-opened\"><i class=\"fas fa-minus\"><\/i><\/span>\n\t\t\t\t\t\t\t\t\t\t\t\t\t\t<\/span>\n\t\t\t\t\t\t\t\t\t\t\t\t<a class=\"elementor-accordion-title\" tabindex=\"0\">Kann ich mehr \u00fcber den Datenschutz im BeoNet-Halle erfahren?<\/a>\n\t\t\t\t\t<\/div>\n\t\t\t\t\t<div id=\"elementor-tab-content-11611\" class=\"elementor-tab-content elementor-clearfix\" data-tab=\"11\" role=\"region\" aria-labelledby=\"elementor-tab-title-11611\"><p><strong>Hier finden Sie Informationen zu den in der Datenschutzgrundverordnung (DS-GVO) festgelegten Rechten (Art. 12 ff. DSGVO):<\/strong><\/p><p>Bez\u00fcglich Ihrer Daten haben Sie folgende Rechte (Artikel 13 ff. DSGVO, \u00a7\u00a7 32 ff. BDSG-neu) \u2013 da es sich um die gleichen Daten handelt, die auch Ihrem Arzt oder Ihrer \u00c4rztin vorliegen, k\u00f6nnen Sie diese Information direkt in der Praxis einsehen.<\/p><p><strong>Recht auf Auskunft<\/strong><\/p><p>Sie haben das Recht auf Auskunft \u00fcber die Sie betreffenden personenbezogenen Daten, die im Rahmen Forschungsprojektes erhoben, verarbeitet oder ggf. an Dritte \u00fcbermittelt werden (Aush\u00e4ndigen einer Kopie) (Artikel 15 DSGVO, \u00a7\u00a734 und 57 BDSG-neu).<\/p><p><strong>Recht auf Berichtigung\u00a0\u00a0\u00a0\u00a0\u00a0\u00a0\u00a0\u00a0\u00a0\u00a0\u00a0\u00a0\u00a0\u00a0\u00a0\u00a0\u00a0\u00a0\u00a0\u00a0\u00a0\u00a0\u00a0\u00a0\u00a0\u00a0\u00a0\u00a0\u00a0\u00a0\u00a0\u00a0\u00a0\u00a0\u00a0\u00a0\u00a0\u00a0\u00a0\u00a0\u00a0\u00a0\u00a0\u00a0\u00a0\u00a0\u00a0\u00a0\u00a0\u00a0\u00a0\u00a0\u00a0\u00a0\u00a0\u00a0\u00a0\u00a0\u00a0\u00a0\u00a0\u00a0\u00a0\u00a0\u00a0\u00a0\u00a0\u00a0\u00a0\u00a0\u00a0\u00a0\u00a0\u00a0\u00a0\u00a0\u00a0 <\/strong><\/p><p>Sie haben das Recht, Sie betreffende unrichtige personenbezogene Daten berichtigen zu lassen (Artikel 16 und 19 DSGVO, \u00a7 58 BDSG-neu).<\/p><p><strong>Recht auf L\u00f6schung<\/strong><\/p><p>Sie haben das Recht auf L\u00f6schung Sie betreffender personenbezogener Daten, z. B. wenn diese Daten f\u00fcr den Zweck, f\u00fcr den sie erhoben wurden, nicht mehr notwendig sind (Artikel 17 und 19 DSGVO, \u00a7\u00a7 35 und 58 BDSG-neu).<\/p><p><strong>Recht auf Daten\u00fcbertragbarkeit <\/strong><\/p><p>Sie haben das Recht, die sie betreffenden personenbezogenen Daten zu erhalten. Damit k\u00f6nnen Sie beantragen, dass diese Daten entweder Ihnen oder, soweit technisch m\u00f6glich, einer anderen von Ihnen benannten Stelle \u00fcbermittelt werden (Artikel 20 DSGVO).<\/p><p><strong>Widerspruchsrecht<\/strong><\/p><p>Sie haben das Recht, jederzeit gegen konkrete Entscheidungen oder Ma\u00dfnahmen zur Verarbeitung der Sie betreffenden personenbezogenen Daten Widerspruch einzulegen (Artikel 21 DSGVO, \u00a7 36 BDSG-neu). Eine solche Verarbeitung findet anschlie\u00dfend grunds\u00e4tzlich nicht mehr statt.<\/p><p><strong>M\u00f6chten Sie eines dieser Rechte in Anspruch nehmen<\/strong>, wenden Sie sich bitte an den Verantwortlichen oder an den Datenschutzbeauftragten f\u00fcr dieses Forschungsprojekt (s.u.). Au\u00dferdem haben Sie das Recht, Beschwerde bei der Aufsichtsbeh\u00f6rde einzulegen, wenn Sie der Ansicht sind, dass die Verarbeitung der Sie betreffenden personenbezogenen Daten gegen die DSGVO verst\u00f6\u00dft:<\/p><p>F\u00fcr die Verarbeitung ihrer Patientendaten ist die Medizinische Fakult\u00e4t der MLU Halle-Wittenberg, Magdeburger Stra\u00dfe 8, 06112 Halle (Saale) zust\u00e4ndig.<\/p><p><strong>\u00a0<\/strong><\/p><p><strong>Ansprechpartner f\u00fcr das Forschungsprojekt ist:<\/strong><\/p><p>Name: \u00a0\u00a0\u00a0\u00a0\u00a0\u00a0\u00a0\u00a0\u00a0\u00a0\u00a0 Prof. Dr. Rafael Mikolajczyk<\/p><p>Adresse:\u00a0\u00a0\u00a0\u00a0\u00a0\u00a0\u00a0\u00a0 Magdeburger Stra\u00dfe 8, 06112 Halle (Saale)<\/p><p>Telefon:\u00a0\u00a0 \u00a0\u00a0\u00a0\u00a0\u00a0\u00a0 +49 345 557 3544<\/p><p>E-Mail: \u00a0\u00a0\u00a0\u00a0\u00a0\u00a0\u00a0\u00a0\u00a0\u00a0 beonet@uk-halle.de<\/p><p><strong>Der zust\u00e4ndige Datenschutzbeauftragte der Martin-Luther-Universit\u00e4t Halle-Wittenberg ist<\/strong>:<\/p><p>Name:\u00a0\u00a0\u00a0\u00a0\u00a0\u00a0\u00a0\u00a0\u00a0\u00a0\u00a0\u00a0 Frau Wera Kiesel<\/p><p>Adresse:\u00a0\u00a0\u00a0\u00a0\u00a0\u00a0\u00a0\u00a0 Martin-Luther-Universit\u00e4t Halle-Wittenberg, 06099 Halle (Saale)<\/p><p>Telefon:\u00a0\u00a0 \u00a0\u00a0\u00a0\u00a0\u00a0\u00a0 +49 345 55 21018<\/p><p>E-Mail: \u00a0\u00a0\u00a0\u00a0\u00a0\u00a0\u00a0\u00a0\u00a0\u00a0 wera.kiesel@verwaltung.uni-halle.de<\/p><p><strong>Der zust\u00e4ndige Landesbeauftragte f\u00fcr den Datenschutz ist:<\/strong><\/p><p>Name:\u00a0\u00a0\u00a0\u00a0\u00a0\u00a0\u00a0\u00a0\u00a0\u00a0\u00a0\u00a0 Herr Dr. Harald von Bose<\/p><p>Adresse:\u00a0\u00a0\u00a0\u00a0\u00a0\u00a0\u00a0\u00a0\u00a0 Leiterstra\u00dfe 9, 39104 Magdeburg Postadresse: Postfach 1947, 39009 Magdeburg<\/p><p>Telefon:\u00a0\u00a0 \u00a0\u00a0\u00a0\u00a0\u00a0\u00a0 +49 391 81803-0<\/p><\/div>\n\t\t\t\t<\/div>\n\t\t\t\t\t\t\t<div class=\"elementor-accordion-item\">\n\t\t\t\t\t<div id=\"elementor-tab-title-11612\" class=\"elementor-tab-title\" data-tab=\"12\" role=\"button\" aria-controls=\"elementor-tab-content-11612\" aria-expanded=\"false\">\n\t\t\t\t\t\t\t\t\t\t\t\t\t<span class=\"elementor-accordion-icon elementor-accordion-icon-left\" aria-hidden=\"true\">\n\t\t\t\t\t\t\t\t\t\t\t\t\t\t\t<span class=\"elementor-accordion-icon-closed\"><i class=\"fas fa-plus\"><\/i><\/span>\n\t\t\t\t\t\t\t\t<span class=\"elementor-accordion-icon-opened\"><i class=\"fas fa-minus\"><\/i><\/span>\n\t\t\t\t\t\t\t\t\t\t\t\t\t\t<\/span>\n\t\t\t\t\t\t\t\t\t\t\t\t<a class=\"elementor-accordion-title\" tabindex=\"0\">Kann ich meine Einwilligung widerrufen?<\/a>\n\t\t\t\t\t<\/div>\n\t\t\t\t\t<div id=\"elementor-tab-content-11612\" class=\"elementor-tab-content elementor-clearfix\" data-tab=\"12\" role=\"region\" aria-labelledby=\"elementor-tab-title-11612\"><p>Sie k\u00f6nnen Ihre Einwilligung jederzeit ohne Angabe von Gr\u00fcnden schriftlich oder m\u00fcndlich widerrufen, ohne dass Ihnen daraus ein Nachteil entsteht. Wenn Sie Ihre Einwilligung widerrufen, werden Ihre Studiendaten gel\u00f6scht. Die bis zum Widerruf erfolgte Datenverarbeitung bleibt jedoch rechtm\u00e4\u00dfig. Sie k\u00f6nnen im Fall des Widerrufs auch die L\u00f6schung Ihrer Daten verlangen. Bei Widerruf ihrer Einwilligung, wenden Sie sich bitte an unser Studiensekretariat.<\/p><\/div>\n\t\t\t\t<\/div>\n\t\t\t\t\t\t\t\t<\/div>\n\t\t\t\t<\/div>\n\t\t\t\t<\/div>\n\t\t\t\t\t<\/div>\n\t\t<\/div>\n\t\t\t\t\t\t\t<\/div>\n\t\t<\/section>\n\t\t\t\t\t\t\t<\/div>\n\t\t","protected":false},"excerpt":{"rendered":"<p>Allgemeines Was ist das Ziel der Studie? Das BeoNet-Halle verfolgt das Ziel, eine hochwertige Datenbank mit ambulanten Versorgungsdaten von teilnehmenden Arztpraxen zu entwickeln und zu pflegen. Durch die Zusammenf\u00fchrung dieser Daten mit denen aus der Sekund\u00e4rversorgung soll die Versorgungsforschung in Deutschland langfristig unterst\u00fctzt werden. Wer ist zur Teilnahme aufgerufen? Am Register BeoNet-Halle k\u00f6nnen alle Arztpraxen [&hellip;]<\/p>\n","protected":false},"author":1,"featured_media":0,"parent":0,"menu_order":0,"comment_status":"closed","ping_status":"closed","template":"","meta":[],"_links":{"self":[{"href":"https:\/\/webszh.uk-halle.de\/beonet\/index.php\/wp-json\/wp\/v2\/pages\/84"}],"collection":[{"href":"https:\/\/webszh.uk-halle.de\/beonet\/index.php\/wp-json\/wp\/v2\/pages"}],"about":[{"href":"https:\/\/webszh.uk-halle.de\/beonet\/index.php\/wp-json\/wp\/v2\/types\/page"}],"author":[{"embeddable":true,"href":"https:\/\/webszh.uk-halle.de\/beonet\/index.php\/wp-json\/wp\/v2\/users\/1"}],"replies":[{"embeddable":true,"href":"https:\/\/webszh.uk-halle.de\/beonet\/index.php\/wp-json\/wp\/v2\/comments?post=84"}],"version-history":[{"count":52,"href":"https:\/\/webszh.uk-halle.de\/beonet\/index.php\/wp-json\/wp\/v2\/pages\/84\/revisions"}],"predecessor-version":[{"id":1467,"href":"https:\/\/webszh.uk-halle.de\/beonet\/index.php\/wp-json\/wp\/v2\/pages\/84\/revisions\/1467"}],"wp:attachment":[{"href":"https:\/\/webszh.uk-halle.de\/beonet\/index.php\/wp-json\/wp\/v2\/media?parent=84"}],"curies":[{"name":"wp","href":"https:\/\/api.w.org\/{rel}","templated":true}]}}