{"id":397,"date":"2021-11-24T12:24:39","date_gmt":"2021-11-24T12:24:39","guid":{"rendered":"https:\/\/webszh.uk-halle.de\/beonet\/?page_id=397"},"modified":"2023-07-06T19:03:02","modified_gmt":"2023-07-06T19:03:02","slug":"daten","status":"publish","type":"page","link":"https:\/\/webszh.uk-halle.de\/beonet\/index.php\/daten\/","title":{"rendered":"Daten"},"content":{"rendered":"\t\t<div data-elementor-type=\"wp-page\" data-elementor-id=\"397\" class=\"elementor elementor-397\">\n\t\t\t\t\t\t\t\t\t<section class=\"elementor-section elementor-top-section elementor-element elementor-element-bded725 elementor-section-boxed elementor-section-height-default elementor-section-height-default\" data-id=\"bded725\" data-element_type=\"section\">\n\t\t\t\t\t\t<div class=\"elementor-container elementor-column-gap-default\">\n\t\t\t\t\t<div class=\"elementor-column elementor-col-50 elementor-top-column elementor-element elementor-element-a66a68a\" data-id=\"a66a68a\" data-element_type=\"column\">\n\t\t\t<div class=\"elementor-widget-wrap elementor-element-populated\">\n\t\t\t\t\t\t\t\t<div class=\"elementor-element elementor-element-87bcff8 elementor-widget elementor-widget-heading\" data-id=\"87bcff8\" data-element_type=\"widget\" data-widget_type=\"heading.default\">\n\t\t\t\t<div class=\"elementor-widget-container\">\n\t\t\t<h2 class=\"elementor-heading-title elementor-size-default\">Warum eine Datenbank?<\/h2>\t\t<\/div>\n\t\t\t\t<\/div>\n\t\t\t\t<div class=\"elementor-element elementor-element-41bb88b elementor-widget elementor-widget-text-editor\" data-id=\"41bb88b\" data-element_type=\"widget\" data-widget_type=\"text-editor.default\">\n\t\t\t\t<div class=\"elementor-widget-container\">\n\t\t\t\t\t\t\t<div class=\"flex-1 overflow-hidden\"><div class=\"react-scroll-to-bottom--css-lxhkx-79elbk h-full dark:bg-gray-800\"><div class=\"react-scroll-to-bottom--css-lxhkx-1n7m0yu\"><div class=\"flex flex-col items-center text-sm dark:bg-gray-800\"><div class=\"w-full border-b border-black\/10 dark:border-gray-900\/50 text-gray-800 dark:text-gray-100 group bg-gray-50 dark:bg-[#444654]\"><div class=\"text-base gap-4 md:gap-6 m-auto md:max-w-2xl lg:max-w-2xl xl:max-w-3xl p-4 md:py-6 flex lg:px-0\"><div class=\"relative flex w-[calc(100%-50px)] flex-col gap-1 md:gap-3 lg:w-[calc(100%-115px)]\"><div class=\"flex flex-grow flex-col gap-3\"><div class=\"min-h-[20px] flex flex-col items-start gap-4 whitespace-pre-wrap\"><div class=\"markdown prose w-full break-words dark:prose-invert dark\"><p>Das BeoNet-Halle verfolgt das Ziel, eine repr\u00e4sentative und multifunktional nutzbare ambulante Datenbank in Deutschland zu schaffen, die sich zur Verkn\u00fcpfung von Daten aus teilnehmenden Arztpraxen eignet. Die Verkn\u00fcpfung von Daten ist jedoch nur m\u00f6glich, wenn Patienten in verschiedenen Behandlungszentren ihre Einwilligung in die Nutzung von Patientendaten f\u00fcr medizinische Forschungszwecke gegeben haben. Mit Broad Consent Einwilligungen ist es m\u00f6glich, viele klinische Informationen aus Praxisverwaltungssystemen pseudonymisiert zu exportieren und f\u00fcr die Forschung aufzubereiten.<\/p><p>Im Gegensatz zu anderen L\u00e4ndern wie z.B. England, werden die Daten der Patientenversorgung in Deutschland bisher entweder aufw\u00e4ndig selbst erhoben oder es werden Daten der Krankenkassen ausgewertet, um Fragestellungen der Versorgungsforschung zu beantworten.<\/p><\/div><\/div><\/div><\/div><\/div><\/div><\/div><\/div><\/div><\/div>\t\t\t\t\t\t<\/div>\n\t\t\t\t<\/div>\n\t\t\t\t\t<\/div>\n\t\t<\/div>\n\t\t\t\t<div class=\"elementor-column elementor-col-50 elementor-top-column elementor-element elementor-element-699f4a7\" data-id=\"699f4a7\" data-element_type=\"column\">\n\t\t\t<div class=\"elementor-widget-wrap elementor-element-populated\">\n\t\t\t\t\t\t\t\t<div class=\"elementor-element elementor-element-f87cf45 elementor-widget elementor-widget-image\" data-id=\"f87cf45\" data-element_type=\"widget\" data-widget_type=\"image.default\">\n\t\t\t\t<div class=\"elementor-widget-container\">\n\t\t\t\t\t\t\t\t\t\t\t\t\t\t\t<img width=\"800\" height=\"509\" src=\"https:\/\/webszh.uk-halle.de\/beonet\/wp-content\/uploads\/2022\/06\/datenbank_vorschau.png\" class=\"attachment-large size-large wp-image-1197\" alt=\"\" loading=\"lazy\" srcset=\"https:\/\/webszh.uk-halle.de\/beonet\/wp-content\/uploads\/2022\/06\/datenbank_vorschau.png 990w, https:\/\/webszh.uk-halle.de\/beonet\/wp-content\/uploads\/2022\/06\/datenbank_vorschau-300x191.png 300w, https:\/\/webszh.uk-halle.de\/beonet\/wp-content\/uploads\/2022\/06\/datenbank_vorschau-768x489.png 768w\" sizes=\"(max-width: 800px) 100vw, 800px\" \/>\t\t\t\t\t\t\t\t\t\t\t\t\t\t\t<\/div>\n\t\t\t\t<\/div>\n\t\t\t\t\t<\/div>\n\t\t<\/div>\n\t\t\t\t\t\t\t<\/div>\n\t\t<\/section>\n\t\t\t\t<section class=\"elementor-section elementor-top-section elementor-element elementor-element-ccabcaa elementor-section-boxed elementor-section-height-default elementor-section-height-default\" data-id=\"ccabcaa\" data-element_type=\"section\">\n\t\t\t\t\t\t<div class=\"elementor-container elementor-column-gap-default\">\n\t\t\t\t\t<div class=\"elementor-column elementor-col-50 elementor-top-column elementor-element elementor-element-d53d1d8\" data-id=\"d53d1d8\" data-element_type=\"column\">\n\t\t\t<div class=\"elementor-widget-wrap elementor-element-populated\">\n\t\t\t\t\t\t\t\t<div class=\"elementor-element elementor-element-91f4525 elementor-widget elementor-widget-image\" data-id=\"91f4525\" data-element_type=\"widget\" data-widget_type=\"image.default\">\n\t\t\t\t<div class=\"elementor-widget-container\">\n\t\t\t\t\t\t\t\t\t\t\t\t\t\t\t\t<a href=\"https:\/\/webszh.uk-halle.de\/beonet\/index.php\/interessensformular\/\">\n\t\t\t\t\t\t\t<img width=\"210\" height=\"210\" src=\"https:\/\/webszh.uk-halle.de\/beonet\/wp-content\/uploads\/2021\/12\/Arzt.png\" class=\"attachment-large size-large wp-image-769\" alt=\"\" loading=\"lazy\" srcset=\"https:\/\/webszh.uk-halle.de\/beonet\/wp-content\/uploads\/2021\/12\/Arzt.png 210w, https:\/\/webszh.uk-halle.de\/beonet\/wp-content\/uploads\/2021\/12\/Arzt-150x150.png 150w\" sizes=\"(max-width: 210px) 100vw, 210px\" \/>\t\t\t\t\t\t\t\t<\/a>\n\t\t\t\t\t\t\t\t\t\t\t\t\t\t\t<\/div>\n\t\t\t\t<\/div>\n\t\t\t\t<div class=\"elementor-element elementor-element-89a6869 elementor-align-center elementor-widget elementor-widget-button\" data-id=\"89a6869\" data-element_type=\"widget\" data-widget_type=\"button.default\">\n\t\t\t\t<div class=\"elementor-widget-container\">\n\t\t\t\t\t<div class=\"elementor-button-wrapper\">\n\t\t\t<a class=\"elementor-button elementor-button-link elementor-size-sm\" href=\"https:\/\/webszh.uk-halle.de\/beonet\/index.php\/interessensformular\/\">\n\t\t\t\t\t\t<span class=\"elementor-button-content-wrapper\">\n\t\t\t\t\t\t<span class=\"elementor-button-text\">Arztpraxis - Hier Teilnehmen<\/span>\n\t\t<\/span>\n\t\t\t\t\t<\/a>\n\t\t<\/div>\n\t\t\t\t<\/div>\n\t\t\t\t<\/div>\n\t\t\t\t\t<\/div>\n\t\t<\/div>\n\t\t\t\t<div class=\"elementor-column elementor-col-50 elementor-top-column elementor-element elementor-element-3ea2602\" data-id=\"3ea2602\" data-element_type=\"column\">\n\t\t\t<div class=\"elementor-widget-wrap elementor-element-populated\">\n\t\t\t\t\t\t\t\t<div class=\"elementor-element elementor-element-deba985 elementor-widget elementor-widget-heading\" data-id=\"deba985\" data-element_type=\"widget\" data-widget_type=\"heading.default\">\n\t\t\t\t<div class=\"elementor-widget-container\">\n\t\t\t<h2 class=\"elementor-heading-title elementor-size-default\">Erhobene Daten und Datenlinkage<\/h2>\t\t<\/div>\n\t\t\t\t<\/div>\n\t\t\t\t<div class=\"elementor-element elementor-element-4663640 elementor-widget elementor-widget-text-editor\" data-id=\"4663640\" data-element_type=\"widget\" data-widget_type=\"text-editor.default\">\n\t\t\t\t<div class=\"elementor-widget-container\">\n\t\t\t\t\t\t\t<p><span data-language-for-alternatives=\"de\" data-language-to-translate-into=\"en\" data-phrase-index=\"0\" data-number-of-phrases=\"19\">Das BeoNet-Halle sammelt anonymisierte oder pseudonymisierte Echtzeitdaten zur Gesundheitsversorgung in teilnehmenden Praxen. Die Datenbank erfasst dabei folgende Informationen:<\/span><\/p>\n<ul>\n<li><span lang=\"de\"><span data-language-for-alternatives=\"de\" data-language-to-translate-into=\"en\" data-phrase-index=\"2\" data-number-of-phrases=\"13\">Soziodemografische Daten der Patienten<\/span><\/span><\/li>\n<li><span lang=\"de\"><span data-language-for-alternatives=\"de\" data-language-to-translate-into=\"en\" data-phrase-index=\"4\" data-number-of-phrases=\"13\">Administrative Angaben<\/span><\/span><\/li>\n<li><span lang=\"de\"><span data-language-for-alternatives=\"de\" data-language-to-translate-into=\"en\" data-phrase-index=\"4\" data-number-of-phrases=\"13\">Klinische Parameter<\/span><\/span><\/li>\n<li><span lang=\"de\"><span data-language-for-alternatives=\"de\" data-language-to-translate-into=\"en\" data-phrase-index=\"4\" data-number-of-phrases=\"13\">Risikofaktoren<\/span><\/span><\/li>\n<li><span lang=\"de\"><span data-language-for-alternatives=\"de\" data-language-to-translate-into=\"en\" data-phrase-index=\"4\" data-number-of-phrases=\"13\">Diagnosen<\/span><\/span><\/li>\n<li><span lang=\"de\"><span data-language-for-alternatives=\"de\" data-language-to-translate-into=\"en\" data-phrase-index=\"4\" data-number-of-phrases=\"13\">Verordnungen<\/span><\/span><\/li>\n<li><span lang=\"de\"><span data-language-for-alternatives=\"de\" data-language-to-translate-into=\"en\" data-phrase-index=\"4\" data-number-of-phrases=\"13\">Abrechnungsziffern<\/span><\/span><\/li>\n<li>Angaben zur Inanspruchnahme<\/li>\n<li>Befunde<\/li>\n<li>Therapieangaben<\/li>\n<li>Frageb\u00f6gen (studienspezifisch)<\/li>\n<\/ul>\n<p style=\"text-align: justify; line-height: 150%;\">Neben der Zusammenf\u00fchrung von ambulanten Versorgungsdaten entlang unterschiedlicher Fachgebiete soll langfristig eine Datenverkn\u00fcpfung mit folgenden Bereichen etabliert werden:<\/p>\n<ul>\n<li>station\u00e4ren Versorgungsdaten<\/li>\n<li><span style=\"background-color: transparent; color: var( --e-global-color-primary );\">Datenbanken aus Kohortenstudien wie z.B. der Nationalen Kohorte (<\/span><span style=\"background-color: transparent; color: #cc0606;\"><a style=\"color: #cc0606;\" href=\"https:\/\/nako.de\/\">www.nako.de<\/a><\/span><span style=\"background-color: transparent; color: var( --e-global-color-primary );\">).<\/span><\/li>\n<\/ul>\t\t\t\t\t\t<\/div>\n\t\t\t\t<\/div>\n\t\t\t\t\t<\/div>\n\t\t<\/div>\n\t\t\t\t\t\t\t<\/div>\n\t\t<\/section>\n\t\t\t\t\t\t\t<\/div>\n\t\t","protected":false},"excerpt":{"rendered":"<p>Warum eine Datenbank? Das BeoNet-Halle verfolgt das Ziel, eine repr\u00e4sentative und multifunktional nutzbare ambulante Datenbank in Deutschland zu schaffen, die sich zur Verkn\u00fcpfung von Daten aus teilnehmenden Arztpraxen eignet. Die Verkn\u00fcpfung von Daten ist jedoch nur m\u00f6glich, wenn Patienten in verschiedenen Behandlungszentren ihre Einwilligung in die Nutzung von Patientendaten f\u00fcr medizinische Forschungszwecke gegeben haben. Mit [&hellip;]<\/p>\n","protected":false},"author":2,"featured_media":0,"parent":0,"menu_order":0,"comment_status":"closed","ping_status":"closed","template":"","meta":[],"_links":{"self":[{"href":"https:\/\/webszh.uk-halle.de\/beonet\/index.php\/wp-json\/wp\/v2\/pages\/397"}],"collection":[{"href":"https:\/\/webszh.uk-halle.de\/beonet\/index.php\/wp-json\/wp\/v2\/pages"}],"about":[{"href":"https:\/\/webszh.uk-halle.de\/beonet\/index.php\/wp-json\/wp\/v2\/types\/page"}],"author":[{"embeddable":true,"href":"https:\/\/webszh.uk-halle.de\/beonet\/index.php\/wp-json\/wp\/v2\/users\/2"}],"replies":[{"embeddable":true,"href":"https:\/\/webszh.uk-halle.de\/beonet\/index.php\/wp-json\/wp\/v2\/comments?post=397"}],"version-history":[{"count":112,"href":"https:\/\/webszh.uk-halle.de\/beonet\/index.php\/wp-json\/wp\/v2\/pages\/397\/revisions"}],"predecessor-version":[{"id":1535,"href":"https:\/\/webszh.uk-halle.de\/beonet\/index.php\/wp-json\/wp\/v2\/pages\/397\/revisions\/1535"}],"wp:attachment":[{"href":"https:\/\/webszh.uk-halle.de\/beonet\/index.php\/wp-json\/wp\/v2\/media?parent=397"}],"curies":[{"name":"wp","href":"https:\/\/api.w.org\/{rel}","templated":true}]}}